Last updated on 2022-08-15 08:50:10 CEST.
Flavor | Version | Tinstall | Tcheck | Ttotal | Status | Flags |
---|---|---|---|---|---|---|
r-devel-linux-x86_64-debian-clang | 1.1.2 | 15.58 | 134.31 | 149.89 | OK | |
r-devel-linux-x86_64-debian-gcc | 1.1.2 | 11.70 | 98.75 | 110.45 | OK | |
r-devel-linux-x86_64-fedora-clang | 1.1.2 | 194.29 | OK | |||
r-devel-linux-x86_64-fedora-gcc | 1.1.2 | 195.09 | OK | |||
r-devel-windows-x86_64 | 1.1.2 | 21.00 | 144.00 | 165.00 | OK | |
r-patched-linux-x86_64 | 1.1.2 | 13.17 | 128.23 | 141.40 | OK | |
r-release-linux-x86_64 | 1.1.2 | 11.91 | 126.38 | 138.29 | OK | |
r-release-macos-arm64 | 1.1.2 | 50.00 | OK | |||
r-release-macos-x86_64 | 1.1.2 | 7.00 | ERROR | |||
r-release-windows-x86_64 | 1.1.2 | 27.00 | 150.00 | 177.00 | OK | |
r-oldrel-macos-arm64 | 1.1.2 | 75.00 | OK | |||
r-oldrel-macos-x86_64 | 1.1.2 | 69.00 | OK | |||
r-oldrel-windows-ix86+x86_64 | 1.1.2 | 16.00 | 10.00 | 26.00 | ERROR |
Version: 1.1.2
Check: package dependencies
Result: ERROR
Package required but not available: ‘RcppAlgos’
See section ‘The DESCRIPTION file’ in the ‘Writing R Extensions’
manual.
Flavor: r-release-macos-x86_64
Version: 1.1.2
Check: whether package can be installed
Result: ERROR
Installation failed.
Flavor: r-oldrel-windows-ix86+x86_64