Last updated on 2022-08-15 08:50:10 CEST.
Flavor | Version | Tinstall | Tcheck | Ttotal | Status | Flags |
---|---|---|---|---|---|---|
r-devel-linux-x86_64-debian-clang | 1.3.0 | 25.92 | 170.10 | 196.02 | NOTE | |
r-devel-linux-x86_64-debian-gcc | 1.3.0 | 22.44 | 125.24 | 147.68 | NOTE | |
r-devel-linux-x86_64-fedora-clang | 1.3.0 | 256.99 | NOTE | |||
r-devel-linux-x86_64-fedora-gcc | 1.3.0 | 267.78 | OK | |||
r-devel-windows-x86_64 | 1.3.0 | 44.00 | 179.00 | 223.00 | NOTE | |
r-patched-linux-x86_64 | 1.3.0 | 18.48 | 161.75 | 180.23 | NOTE | |
r-release-linux-x86_64 | 1.3.0 | 17.15 | 160.79 | 177.94 | NOTE | |
r-release-macos-arm64 | 1.3.0 | 64.00 | NOTE | |||
r-release-macos-x86_64 | 1.3.0 | 87.00 | NOTE | |||
r-release-windows-x86_64 | 1.3.0 | 44.00 | 187.00 | 231.00 | NOTE | |
r-oldrel-macos-arm64 | 1.3.0 | 63.00 | NOTE | |||
r-oldrel-macos-x86_64 | 1.3.0 | 88.00 | NOTE | |||
r-oldrel-windows-ix86+x86_64 | 1.3.0 | 47.00 | 201.00 | 248.00 | NOTE |
Version: 1.3.0
Check: package dependencies
Result: NOTE
Package suggested but not available for checking: 'INLA'
Flavors: r-devel-linux-x86_64-debian-clang, r-devel-linux-x86_64-debian-gcc, r-devel-windows-x86_64, r-patched-linux-x86_64, r-release-linux-x86_64, r-release-macos-arm64, r-release-macos-x86_64, r-release-windows-x86_64, r-oldrel-macos-arm64, r-oldrel-macos-x86_64
Version: 1.3.0
Check: installed package size
Result: NOTE
installed size is 5.9Mb
sub-directories of 1Mb or more:
data 2.0Mb
doc 3.3Mb
Flavors: r-devel-linux-x86_64-fedora-clang, r-devel-windows-x86_64, r-release-macos-arm64, r-release-macos-x86_64, r-release-windows-x86_64, r-oldrel-macos-arm64, r-oldrel-macos-x86_64, r-oldrel-windows-ix86+x86_64