Last updated on 2022-08-15 08:50:10 CEST.
Flavor | Version | Tinstall | Tcheck | Ttotal | Status | Flags |
---|---|---|---|---|---|---|
r-devel-linux-x86_64-debian-clang | 1.0.0 | 10.56 | 155.41 | 165.97 | NOTE | |
r-devel-linux-x86_64-debian-gcc | 1.0.0 | 8.23 | 116.25 | 124.48 | NOTE | |
r-devel-linux-x86_64-fedora-clang | 1.0.0 | 214.75 | NOTE | |||
r-devel-linux-x86_64-fedora-gcc | 1.0.0 | 220.42 | NOTE | |||
r-devel-windows-x86_64 | 1.0.0 | 36.00 | 188.00 | 224.00 | NOTE | |
r-patched-linux-x86_64 | 1.0.0 | 11.91 | 142.29 | 154.20 | OK | |
r-release-linux-x86_64 | 1.0.0 | 9.16 | 143.64 | 152.80 | OK | |
r-release-macos-arm64 | 1.0.0 | 74.00 | OK | |||
r-release-macos-x86_64 | 1.0.0 | 134.00 | OK | |||
r-release-windows-x86_64 | 1.0.0 | 34.00 | 193.00 | 227.00 | OK | |
r-oldrel-macos-arm64 | 1.0.0 | 78.00 | OK | |||
r-oldrel-macos-x86_64 | 1.0.0 | 89.00 | OK | |||
r-oldrel-windows-ix86+x86_64 | 1.0.0 | 24.00 | 193.00 | 217.00 | OK |
Version: 1.0.0
Check: package subdirectories
Result: NOTE
Problems with news in 'NEWS.md':
Cannot extract version info from the following section titles:
Additional functions and data sets
Amendments to functions
Flavors: r-devel-linux-x86_64-debian-clang, r-devel-linux-x86_64-debian-gcc, r-devel-linux-x86_64-fedora-clang, r-devel-linux-x86_64-fedora-gcc, r-devel-windows-x86_64