Last updated on 2022-08-15 08:50:07 CEST.
Flavor | Version | Tinstall | Tcheck | Ttotal | Status | Flags |
---|---|---|---|---|---|---|
r-devel-linux-x86_64-debian-clang | 1.0 | 20.09 | 33.21 | 53.30 | NOTE | |
r-devel-linux-x86_64-debian-gcc | 1.0 | 16.20 | 25.90 | 42.10 | NOTE | |
r-devel-linux-x86_64-fedora-clang | 1.0 | 88.49 | NOTE | |||
r-devel-linux-x86_64-fedora-gcc | 1.0 | 77.84 | NOTE | |||
r-devel-windows-x86_64 | 1.0 | 35.00 | 75.00 | 110.00 | NOTE | |
r-patched-linux-x86_64 | 1.0 | 19.01 | 32.23 | 51.24 | NOTE | |
r-release-linux-x86_64 | 1.0 | 18.43 | 32.34 | 50.77 | NOTE | |
r-release-macos-arm64 | 1.0 | 27.00 | NOTE | |||
r-release-macos-x86_64 | 1.0 | 34.00 | NOTE | |||
r-release-windows-x86_64 | 1.0 | 34.00 | 79.00 | 113.00 | NOTE | |
r-oldrel-macos-arm64 | 1.0 | 30.00 | NOTE | |||
r-oldrel-macos-x86_64 | 1.0 | 46.00 | NOTE | |||
r-oldrel-windows-ix86+x86_64 | 1.0 | 57.00 | 86.00 | 143.00 | NOTE |
Version: 1.0
Check: for GNU extensions in Makefiles
Result: NOTE
GNU make is a SystemRequirements.
Flavors: r-devel-linux-x86_64-debian-clang, r-devel-linux-x86_64-debian-gcc, r-devel-linux-x86_64-fedora-clang, r-devel-linux-x86_64-fedora-gcc, r-devel-windows-x86_64, r-patched-linux-x86_64, r-release-linux-x86_64, r-release-macos-arm64, r-release-macos-x86_64, r-release-windows-x86_64, r-oldrel-macos-arm64, r-oldrel-macos-x86_64, r-oldrel-windows-ix86+x86_64