Last updated on 2022-08-15 08:50:08 CEST.
Flavor | Version | Tinstall | Tcheck | Ttotal | Status | Flags |
---|---|---|---|---|---|---|
r-devel-linux-x86_64-debian-clang | 0.1 | 8.29 | 67.96 | 76.25 | NOTE | |
r-devel-linux-x86_64-debian-gcc | 0.1 | 6.66 | 53.06 | 59.72 | NOTE | |
r-devel-linux-x86_64-fedora-clang | 0.1 | 106.85 | NOTE | |||
r-devel-linux-x86_64-fedora-gcc | 0.1 | 98.40 | NOTE | |||
r-devel-windows-x86_64 | 0.1 | 12.00 | 86.00 | 98.00 | NOTE | |
r-patched-linux-x86_64 | 0.1 | 8.95 | 65.51 | 74.46 | NOTE | |
r-release-linux-x86_64 | 0.1 | 5.47 | 66.44 | 71.91 | NOTE | |
r-release-macos-arm64 | 0.1 | 29.00 | NOTE | |||
r-release-macos-x86_64 | 0.1 | 41.00 | NOTE | |||
r-release-windows-x86_64 | 0.1 | 17.00 | 90.00 | 107.00 | NOTE | |
r-oldrel-macos-arm64 | 0.1 | 36.00 | NOTE | |||
r-oldrel-macos-x86_64 | 0.1 | 52.00 | NOTE | |||
r-oldrel-windows-ix86+x86_64 | 0.1 | 17.00 | 84.00 | 101.00 | NOTE |
Version: 0.1
Check: LazyData
Result: NOTE
'LazyData' is specified without a 'data' directory
Flavors: r-devel-linux-x86_64-debian-clang, r-devel-linux-x86_64-debian-gcc, r-devel-linux-x86_64-fedora-clang, r-devel-linux-x86_64-fedora-gcc, r-devel-windows-x86_64, r-patched-linux-x86_64, r-release-linux-x86_64, r-release-macos-arm64, r-release-macos-x86_64, r-release-windows-x86_64, r-oldrel-macos-arm64, r-oldrel-macos-x86_64, r-oldrel-windows-ix86+x86_64