Last updated on 2022-08-15 08:50:08 CEST.
Flavor | Version | Tinstall | Tcheck | Ttotal | Status | Flags |
---|---|---|---|---|---|---|
r-devel-linux-x86_64-debian-clang | 2.2 | 3.72 | 34.14 | 37.86 | OK | |
r-devel-linux-x86_64-debian-gcc | 2.2 | 2.91 | 26.18 | 29.09 | OK | |
r-devel-linux-x86_64-fedora-clang | 2.2 | 56.74 | NOTE | |||
r-devel-linux-x86_64-fedora-gcc | 2.2 | 53.42 | NOTE | |||
r-devel-windows-x86_64 | 2.2 | 14.00 | 60.00 | 74.00 | OK | |
r-patched-linux-x86_64 | 2.2 | 3.33 | 33.00 | 36.33 | OK | |
r-release-linux-x86_64 | 2.2 | 3.72 | 33.06 | 36.78 | OK | |
r-release-macos-arm64 | 2.2 | 28.00 | NOTE | |||
r-release-macos-x86_64 | 2.2 | 47.00 | NOTE | |||
r-release-windows-x86_64 | 2.2 | 13.00 | 63.00 | 76.00 | OK | |
r-oldrel-macos-arm64 | 2.2 | 30.00 | NOTE | |||
r-oldrel-macos-x86_64 | 2.2 | 60.00 | NOTE | |||
r-oldrel-windows-ix86+x86_64 | 2.2 | 9.00 | 54.00 | 63.00 | OK |
Version: 2.2
Check: dependencies in R code
Result: NOTE
Namespace in Imports field not imported from: ‘utils’
All declared Imports should be used.
Flavors: r-devel-linux-x86_64-fedora-clang, r-devel-linux-x86_64-fedora-gcc, r-release-macos-arm64, r-release-macos-x86_64, r-oldrel-macos-arm64, r-oldrel-macos-x86_64