Last updated on 2022-08-15 08:50:08 CEST.
Flavor | Version | Tinstall | Tcheck | Ttotal | Status | Flags |
---|---|---|---|---|---|---|
r-devel-linux-x86_64-debian-clang | 2.2.0 | 21.09 | 148.10 | 169.19 | OK | |
r-devel-linux-x86_64-debian-gcc | 2.2.0 | 16.70 | 113.44 | 130.14 | OK | |
r-devel-linux-x86_64-fedora-clang | 2.2.0 | 222.42 | NOTE | |||
r-devel-linux-x86_64-fedora-gcc | 2.2.0 | 225.46 | NOTE | |||
r-devel-windows-x86_64 | 2.2.0 | 74.00 | 174.00 | 248.00 | OK | |
r-patched-linux-x86_64 | 2.2.0 | 20.34 | 143.86 | 164.20 | OK | |
r-release-linux-x86_64 | 2.2.0 | 21.33 | 140.27 | 161.60 | OK | |
r-release-macos-arm64 | 2.2.0 | 66.00 | NOTE | |||
r-release-macos-x86_64 | 2.2.0 | 91.00 | NOTE | |||
r-release-windows-x86_64 | 2.2.0 | 26.00 | 181.00 | 207.00 | OK | |
r-oldrel-macos-arm64 | 2.2.0 | 63.00 | NOTE | |||
r-oldrel-macos-x86_64 | 2.2.0 | 123.00 | NOTE | |||
r-oldrel-windows-ix86+x86_64 | 2.2.0 | 44.00 | 177.00 | 221.00 | OK |
Version: 2.2.0
Check: dependencies in R code
Result: NOTE
Namespace in Imports field not imported from: ‘parallel’
All declared Imports should be used.
Flavors: r-devel-linux-x86_64-fedora-clang, r-devel-linux-x86_64-fedora-gcc, r-release-macos-arm64, r-release-macos-x86_64, r-oldrel-macos-arm64, r-oldrel-macos-x86_64
Version: 2.2.0
Check: package dependencies
Result: NOTE
Package suggested but not available for checking: ‘mixOmics’
Flavor: r-oldrel-macos-arm64