Last updated on 2022-08-15 08:50:08 CEST.
Flavor | Version | Tinstall | Tcheck | Ttotal | Status | Flags |
---|---|---|---|---|---|---|
r-devel-linux-x86_64-debian-clang | 0.2.0 | 5.42 | 38.91 | 44.33 | OK | |
r-devel-linux-x86_64-debian-gcc | 0.2.0 | 5.14 | 30.82 | 35.96 | OK | |
r-devel-linux-x86_64-fedora-clang | 0.2.0 | 68.24 | NOTE | |||
r-devel-linux-x86_64-fedora-gcc | 0.2.0 | 63.62 | NOTE | |||
r-devel-windows-x86_64 | 0.2.0 | 76.00 | 70.00 | 146.00 | OK | |
r-patched-linux-x86_64 | 0.2.0 | 6.55 | 37.37 | 43.92 | OK | |
r-release-linux-x86_64 | 0.2.0 | 6.13 | 37.35 | 43.48 | OK | |
r-release-macos-arm64 | 0.2.0 | 25.00 | NOTE | |||
r-release-macos-x86_64 | 0.2.0 | 33.00 | NOTE | |||
r-release-windows-x86_64 | 0.2.0 | 111.00 | 72.00 | 183.00 | OK | |
r-oldrel-macos-arm64 | 0.2.0 | 24.00 | NOTE | |||
r-oldrel-macos-x86_64 | 0.2.0 | 36.00 | NOTE | |||
r-oldrel-windows-ix86+x86_64 | 0.2.0 | 11.00 | 64.00 | 75.00 | OK |
Version: 0.2.0
Check: dependencies in R code
Result: NOTE
Namespace in Imports field not imported from: ‘knitr’
All declared Imports should be used.
Flavors: r-devel-linux-x86_64-fedora-clang, r-devel-linux-x86_64-fedora-gcc, r-release-macos-arm64, r-release-macos-x86_64, r-oldrel-macos-arm64, r-oldrel-macos-x86_64
Version: 0.2.0
Check: Rd cross-references
Result: NOTE
Undeclared package ‘SemNetCleaner’ in Rd xrefs
Flavor: r-devel-linux-x86_64-fedora-clang