Last updated on 2022-08-15 08:50:08 CEST.
Flavor | Version | Tinstall | Tcheck | Ttotal | Status | Flags |
---|---|---|---|---|---|---|
r-devel-linux-x86_64-debian-clang | 1.1.0 | 14.43 | 119.95 | 134.38 | NOTE | |
r-devel-linux-x86_64-debian-gcc | 1.1.0 | 10.86 | 89.36 | 100.22 | NOTE | |
r-devel-linux-x86_64-fedora-clang | 1.1.0 | 177.38 | NOTE | |||
r-devel-linux-x86_64-fedora-gcc | 1.1.0 | 186.79 | NOTE | |||
r-devel-windows-x86_64 | 1.1.0 | 26.00 | 131.00 | 157.00 | NOTE | |
r-patched-linux-x86_64 | 1.1.0 | 9.00 | 112.25 | 121.25 | NOTE | |
r-release-linux-x86_64 | 1.1.0 | 8.93 | 116.16 | 125.09 | NOTE | |
r-release-macos-arm64 | 1.1.0 | 44.00 | NOTE | |||
r-release-macos-x86_64 | 1.1.0 | 78.00 | NOTE | |||
r-release-windows-x86_64 | 1.1.0 | 24.00 | 136.00 | 160.00 | NOTE | |
r-oldrel-macos-arm64 | 1.1.0 | 52.00 | NOTE | |||
r-oldrel-macos-x86_64 | 1.1.0 | 78.00 | NOTE | |||
r-oldrel-windows-ix86+x86_64 | 1.1.0 | 33.00 | 131.00 | 164.00 | NOTE |
Version: 1.1.0
Check: LazyData
Result: NOTE
'LazyData' is specified without a 'data' directory
Flavors: r-devel-linux-x86_64-debian-clang, r-devel-linux-x86_64-debian-gcc, r-devel-linux-x86_64-fedora-clang, r-devel-linux-x86_64-fedora-gcc, r-devel-windows-x86_64, r-patched-linux-x86_64, r-release-linux-x86_64, r-release-macos-arm64, r-release-macos-x86_64, r-release-windows-x86_64, r-oldrel-macos-arm64, r-oldrel-macos-x86_64, r-oldrel-windows-ix86+x86_64