Last updated on 2022-08-15 08:50:08 CEST.
Flavor | Version | Tinstall | Tcheck | Ttotal | Status | Flags |
---|---|---|---|---|---|---|
r-devel-linux-x86_64-debian-clang | 3.4 | 68.70 | 145.53 | 214.23 | OK | |
r-devel-linux-x86_64-debian-gcc | 3.4 | 66.40 | 106.96 | 173.36 | OK | |
r-devel-linux-x86_64-fedora-clang | 3.4 | 277.03 | OK | |||
r-devel-linux-x86_64-fedora-gcc | 3.4 | 284.44 | OK | |||
r-devel-windows-x86_64 | 3.4 | 123.00 | 170.00 | 293.00 | OK | |
r-patched-linux-x86_64 | 3.4 | 71.33 | 137.14 | 208.47 | OK | |
r-release-linux-x86_64 | 3.4 | 77.30 | 137.90 | 215.20 | OK | |
r-release-macos-arm64 | 3.4 | 62.00 | NOTE | |||
r-release-macos-x86_64 | 3.4 | 91.00 | NOTE | |||
r-release-windows-x86_64 | 3.4 | 120.00 | 177.00 | 297.00 | OK | |
r-oldrel-macos-arm64 | 3.4 | 78.00 | NOTE | |||
r-oldrel-macos-x86_64 | 3.4 | 131.00 | NOTE | |||
r-oldrel-windows-ix86+x86_64 | 3.4 | 182.00 | 215.00 | 397.00 | OK |
Version: 3.4
Check: installed package size
Result: NOTE
installed size is 6.9Mb
sub-directories of 1Mb or more:
libs 5.9Mb
Flavors: r-release-macos-arm64, r-release-macos-x86_64, r-oldrel-macos-arm64, r-oldrel-macos-x86_64