Last updated on 2022-08-15 08:50:08 CEST.
Flavor | Version | Tinstall | Tcheck | Ttotal | Status | Flags |
---|---|---|---|---|---|---|
r-devel-linux-x86_64-debian-clang | 1.1.3 | 2.63 | 40.78 | 43.41 | NOTE | |
r-devel-linux-x86_64-debian-gcc | 1.1.3 | 1.89 | 31.17 | 33.06 | NOTE | |
r-devel-linux-x86_64-fedora-clang | 1.1.3 | 64.44 | NOTE | |||
r-devel-linux-x86_64-fedora-gcc | 1.1.3 | 60.35 | NOTE | |||
r-devel-windows-x86_64 | 1.1.3 | 28.00 | 67.00 | 95.00 | NOTE | |
r-patched-linux-x86_64 | 1.1.3 | 2.26 | 39.42 | 41.68 | OK | |
r-release-linux-x86_64 | 1.1.3 | 2.57 | 39.53 | 42.10 | OK | |
r-release-macos-arm64 | 1.1.3 | 20.00 | OK | |||
r-release-macos-x86_64 | 1.1.3 | 27.00 | OK | |||
r-release-windows-x86_64 | 1.1.3 | 26.00 | 69.00 | 95.00 | OK | |
r-oldrel-macos-arm64 | 1.1.3 | 25.00 | OK | |||
r-oldrel-macos-x86_64 | 1.1.3 | 27.00 | OK | |||
r-oldrel-windows-ix86+x86_64 | 1.1.3 | 5.00 | 60.00 | 65.00 | OK |
Version: 1.1.3
Check: package subdirectories
Result: NOTE
Problems with news in 'NEWS.md':
No news entries found.
Flavors: r-devel-linux-x86_64-debian-clang, r-devel-linux-x86_64-debian-gcc, r-devel-linux-x86_64-fedora-clang, r-devel-linux-x86_64-fedora-gcc, r-devel-windows-x86_64