Last updated on 2022-08-15 08:50:08 CEST.
Flavor | Version | Tinstall | Tcheck | Ttotal | Status | Flags |
---|---|---|---|---|---|---|
r-devel-linux-x86_64-debian-clang | 1.26 | 22.21 | 160.32 | 182.53 | NOTE | |
r-devel-linux-x86_64-debian-gcc | 1.26 | 20.25 | 116.16 | 136.41 | NOTE | |
r-devel-linux-x86_64-fedora-clang | 1.26 | 239.81 | NOTE | |||
r-devel-linux-x86_64-fedora-gcc | 1.26 | 219.52 | NOTE | |||
r-devel-windows-x86_64 | 1.26 | 76.00 | 176.00 | 252.00 | NOTE | |
r-patched-linux-x86_64 | 1.26 | 28.29 | 151.53 | 179.82 | OK | |
r-release-linux-x86_64 | 1.26 | 22.79 | 147.97 | 170.76 | OK | |
r-release-macos-arm64 | 1.26 | 51.00 | OK | |||
r-release-macos-x86_64 | 1.26 | 98.00 | OK | |||
r-release-windows-x86_64 | 1.26 | 75.00 | 184.00 | 259.00 | OK | |
r-oldrel-macos-arm64 | 1.26 | 58.00 | OK | |||
r-oldrel-macos-x86_64 | 1.26 | 105.00 | OK | |||
r-oldrel-windows-ix86+x86_64 | 1.26 | 42.00 | 179.00 | 221.00 | OK |
Version: 1.26
Check: Rd files
Result: NOTE
checkRd: (-1) fahst.rd:39: Escaped LaTeX specials: \^
checkRd: (-1) fahst.rd:36: Escaped LaTeX specials: \^
checkRd: (-1) fasnt.rd:46: Escaped LaTeX specials: \^
checkRd: (-1) fasnt.rd:42: Escaped LaTeX specials: \^
checkRd: (-1) fasnt.rd:43: Escaped LaTeX specials: \^
checkRd: (-1) fast.Rd:49: Escaped LaTeX specials: \^
checkRd: (-1) fast.Rd:44: Escaped LaTeX specials: \^
checkRd: (-1) fast.Rd:45: Escaped LaTeX specials: \^
checkRd: (-1) fast.Rd:46: Escaped LaTeX specials: \^
checkRd: (-1) hsortplot.rd:24: Escaped LaTeX specials: \^
checkRd: (-1) nappesortplot.Rd:30: Escaped LaTeX specials: \^
checkRd: (-1) nappesortplot.Rd:28: Escaped LaTeX specials: \^
checkRd: (-1) plot.fahst.rd:45: Escaped LaTeX specials: \^
checkRd: (-1) plot.fasnt.Rd:47: Escaped LaTeX specials: \^
checkRd: (-1) plot.fast.Rd:45: Escaped LaTeX specials: \^
checkRd: (-1) print.fahst.rd:22: Escaped LaTeX specials: \^
checkRd: (-1) print.fasnt.Rd:22: Escaped LaTeX specials: \^
checkRd: (-1) print.fast.Rd:22: Escaped LaTeX specials: \^
Flavors: r-devel-linux-x86_64-debian-clang, r-devel-linux-x86_64-debian-gcc, r-devel-linux-x86_64-fedora-clang, r-devel-linux-x86_64-fedora-gcc, r-devel-windows-x86_64