Last updated on 2022-08-15 08:50:08 CEST.
Flavor | Version | Tinstall | Tcheck | Ttotal | Status | Flags |
---|---|---|---|---|---|---|
r-devel-linux-x86_64-debian-clang | 1.0.7 | 75.00 | 87.74 | 162.74 | OK | |
r-devel-linux-x86_64-debian-gcc | 1.0.7 | 60.43 | 65.70 | 126.13 | OK | |
r-devel-linux-x86_64-fedora-clang | 1.0.7 | 242.53 | OK | |||
r-devel-linux-x86_64-fedora-gcc | 1.0.7 | 215.54 | OK | |||
r-devel-windows-x86_64 | 1.0.7 | 135.00 | 146.00 | 281.00 | OK | |
r-patched-linux-x86_64 | 1.0.7 | 68.23 | 84.79 | 153.02 | OK | |
r-release-linux-x86_64 | 1.0.7 | 68.53 | 84.97 | 153.50 | OK | |
r-release-macos-arm64 | 1.0.7 | 64.00 | NOTE | |||
r-release-macos-x86_64 | 1.0.7 | 111.00 | NOTE | |||
r-release-windows-x86_64 | 1.0.7 | 136.00 | 154.00 | 290.00 | OK | |
r-oldrel-macos-arm64 | 1.0.7 | 71.00 | NOTE | |||
r-oldrel-macos-x86_64 | 1.0.7 | 95.00 | NOTE | |||
r-oldrel-windows-ix86+x86_64 | 1.0.7 | 165.00 | 155.00 | 320.00 | OK |
Version: 1.0.7
Check: installed package size
Result: NOTE
installed size is 9.4Mb
sub-directories of 1Mb or more:
libs 8.1Mb
Flavors: r-release-macos-arm64, r-release-macos-x86_64, r-oldrel-macos-arm64, r-oldrel-macos-x86_64