Last updated on 2022-08-15 08:50:08 CEST.
Flavor | Version | Tinstall | Tcheck | Ttotal | Status | Flags |
---|---|---|---|---|---|---|
r-devel-linux-x86_64-debian-clang | 0.3.1 | 44.01 | 313.90 | 357.91 | NOTE | |
r-devel-linux-x86_64-debian-gcc | 0.3.1 | 33.93 | 229.74 | 263.67 | NOTE | |
r-devel-linux-x86_64-fedora-clang | 0.3.1 | 460.81 | NOTE | |||
r-devel-linux-x86_64-fedora-gcc | 0.3.1 | 428.74 | NOTE | |||
r-devel-windows-x86_64 | 0.3.1 | 61.00 | 299.00 | 360.00 | OK | |
r-patched-linux-x86_64 | 0.3.1 | 55.82 | 349.04 | 404.86 | NOTE | |
r-release-linux-x86_64 | 0.3.1 | 53.71 | 356.77 | 410.48 | NOTE | |
r-release-macos-arm64 | 0.3.1 | 12.00 | ERROR | |||
r-release-macos-x86_64 | 0.3.1 | 403.00 | OK | |||
r-release-windows-x86_64 | 0.3.1 | 61.00 | 323.00 | 384.00 | OK | |
r-oldrel-macos-arm64 | 0.3.1 | 188.00 | OK | |||
r-oldrel-macos-x86_64 | 0.3.1 | 199.00 | OK | |||
r-oldrel-windows-ix86+x86_64 | 0.3.1 | 79.00 | 302.00 | 381.00 | OK |
Version: 0.3.1
Check: for non-standard things in the check directory
Result: NOTE
Found the following files/directories:
'assocpointpair_result.csv' 'foundereffectfinder_result.csv'
'getfreqs_result.csv' 'getfreqs_result.png' 'orPlot.pdf1_1.pdf'
'orPlot.pdf2_1.pdf' 'orPlot.pdf3_1.pdf' 'orPlot.pdf4_1.pdf'
'orPlot.pdf5_1.pdf' 'orPlot.pdf6_1.pdf' 'orPlot.pdf7_1.pdf'
'orPlot.pdf8_1.pdf' 'q-values_result.csv' 'rewritetuple_result.csv'
'tartan_plot.pdf' 'vispair_plot.pdf' 'vispairfeat_plot.pdf'
'volcano_plot.pdf'
Flavors: r-devel-linux-x86_64-debian-clang, r-devel-linux-x86_64-debian-gcc, r-devel-linux-x86_64-fedora-clang, r-devel-linux-x86_64-fedora-gcc, r-patched-linux-x86_64, r-release-linux-x86_64
Version: 0.3.1
Check: package dependencies
Result: ERROR
Package required but not available: ‘widgetTools’
See section ‘The DESCRIPTION file’ in the ‘Writing R Extensions’
manual.
Flavor: r-release-macos-arm64