Last updated on 2022-08-15 08:50:08 CEST.
Flavor | Version | Tinstall | Tcheck | Ttotal | Status | Flags |
---|---|---|---|---|---|---|
r-devel-linux-x86_64-debian-clang | 0.0.8 | 33.86 | 48.61 | 82.47 | OK | |
r-devel-linux-x86_64-debian-gcc | 0.0.8 | 25.20 | 37.55 | 62.75 | OK | |
r-devel-linux-x86_64-fedora-clang | 0.0.8 | 133.17 | OK | |||
r-devel-linux-x86_64-fedora-gcc | 0.0.8 | 111.01 | OK | |||
r-devel-windows-x86_64 | 0.0.8 | 42.00 | 106.00 | 148.00 | NOTE | |
r-patched-linux-x86_64 | 0.0.8 | 27.39 | 47.81 | 75.20 | OK | |
r-release-linux-x86_64 | 0.0.8 | 22.63 | 48.07 | 70.70 | OK | |
r-release-macos-arm64 | 0.0.8 | 37.00 | OK | |||
r-release-macos-x86_64 | 0.0.8 | 47.00 | OK | |||
r-release-windows-x86_64 | 0.0.8 | 41.00 | 109.00 | 150.00 | NOTE | |
r-oldrel-macos-arm64 | 0.0.8 | 39.00 | OK | |||
r-oldrel-macos-x86_64 | 0.0.8 | 62.00 | OK | |||
r-oldrel-windows-ix86+x86_64 | 0.0.8 | 95.00 | 123.00 | 218.00 | NOTE |
Version: 0.0.8
Check: package dependencies
Result: NOTE
Package suggested but not available for checking: 'doMC'
Flavors: r-devel-windows-x86_64, r-release-windows-x86_64, r-oldrel-windows-ix86+x86_64