Last updated on 2022-08-15 08:50:08 CEST.
Flavor | Version | Tinstall | Tcheck | Ttotal | Status | Flags |
---|---|---|---|---|---|---|
r-devel-linux-x86_64-debian-clang | 1.1.3 | 83.55 | 77.77 | 161.32 | OK | |
r-devel-linux-x86_64-debian-gcc | 1.1.3 | 61.83 | 58.22 | 120.05 | OK | |
r-devel-linux-x86_64-fedora-clang | 1.1.3 | 244.90 | NOTE | |||
r-devel-linux-x86_64-fedora-gcc | 1.1.3 | 206.57 | NOTE | |||
r-devel-windows-x86_64 | 1.1.3 | 140.00 | 123.00 | 263.00 | NOTE | |
r-patched-linux-x86_64 | 1.1.3 | 77.78 | 70.36 | 148.14 | OK | |
r-release-linux-x86_64 | 1.1.3 | 72.19 | 69.59 | 141.78 | OK | |
r-release-macos-arm64 | 1.1.3 | 65.00 | NOTE | |||
r-release-macos-x86_64 | 1.1.3 | 108.00 | NOTE | |||
r-release-windows-x86_64 | 1.1.3 | 174.00 | 130.00 | 304.00 | NOTE | |
r-oldrel-macos-arm64 | 1.1.3 | 72.00 | NOTE | |||
r-oldrel-macos-x86_64 | 1.1.3 | 77.00 | NOTE | |||
r-oldrel-windows-ix86+x86_64 | 1.1.3 | 170.00 | 142.00 | 312.00 | NOTE |
Version: 1.1.3
Check: installed package size
Result: NOTE
installed size is 5.3Mb
sub-directories of 1Mb or more:
data 4.7Mb
Flavors: r-devel-linux-x86_64-fedora-clang, r-devel-windows-x86_64, r-release-macos-arm64, r-release-macos-x86_64, r-release-windows-x86_64, r-oldrel-macos-arm64, r-oldrel-macos-x86_64, r-oldrel-windows-ix86+x86_64
Version: 1.1.3
Check: dependencies in R code
Result: NOTE
Namespace in Imports field not imported from: ‘Rdpack’
All declared Imports should be used.
Flavors: r-devel-linux-x86_64-fedora-clang, r-devel-linux-x86_64-fedora-gcc, r-release-macos-arm64, r-release-macos-x86_64, r-oldrel-macos-arm64, r-oldrel-macos-x86_64