Last updated on 2022-08-15 08:50:08 CEST.
Flavor | Version | Tinstall | Tcheck | Ttotal | Status | Flags |
---|---|---|---|---|---|---|
r-devel-linux-x86_64-debian-clang | 4.1.1 | 135.19 | 458.42 | 593.61 | OK | |
r-devel-linux-x86_64-debian-gcc | 4.1.1 | 113.44 | 336.42 | 449.86 | OK | |
r-devel-linux-x86_64-fedora-clang | 4.1.1 | 788.47 | NOTE | |||
r-devel-linux-x86_64-fedora-gcc | 4.1.1 | 754.43 | OK | |||
r-devel-windows-x86_64 | 4.1.1 | 189.00 | 499.00 | 688.00 | OK | |
r-patched-linux-x86_64 | 4.1.1 | 134.92 | 436.39 | 571.31 | OK | |
r-release-linux-x86_64 | 4.1.1 | 116.00 | 426.88 | 542.88 | OK | |
r-release-macos-arm64 | 4.1.1 | 183.00 | NOTE | |||
r-release-macos-x86_64 | 4.1.1 | 230.00 | NOTE | |||
r-release-windows-x86_64 | 4.1.1 | 193.00 | 493.00 | 686.00 | OK | |
r-oldrel-macos-arm64 | 4.1.1 | 162.00 | NOTE | |||
r-oldrel-macos-x86_64 | 4.1.1 | 224.00 | NOTE | |||
r-oldrel-windows-ix86+x86_64 | 4.1.1 | 305.00 | 747.00 | 1052.00 | OK |
Version: 4.1.1
Check: package dependencies
Result: NOTE
Imports includes 41 non-default packages.
Importing from so many packages makes the package vulnerable to any of
them becoming unavailable. Move as many as possible to Suggests and
use conditionally.
Flavor: r-devel-linux-x86_64-fedora-clang
Version: 4.1.1
Check: Rd cross-references
Result: NOTE
Undeclared package ‘Signac’ in Rd xrefs
Flavor: r-devel-linux-x86_64-fedora-clang
Version: 4.1.1
Check: package dependencies
Result: NOTE
Package suggested but not available for checking: ‘monocle’
Flavors: r-release-macos-arm64, r-oldrel-macos-arm64
Version: 4.1.1
Check: installed package size
Result: NOTE
installed size is 10.6Mb
sub-directories of 1Mb or more:
R 2.1Mb
libs 7.8Mb
Flavors: r-release-macos-arm64, r-release-macos-x86_64, r-oldrel-macos-arm64, r-oldrel-macos-x86_64