Last updated on 2022-08-15 08:50:08 CEST.
Flavor | Version | Tinstall | Tcheck | Ttotal | Status | Flags |
---|---|---|---|---|---|---|
r-devel-linux-x86_64-debian-clang | 2.2.5 | 9.09 | 88.39 | 97.48 | OK | |
r-devel-linux-x86_64-debian-gcc | 2.2.5 | 8.12 | 67.80 | 75.92 | OK | |
r-devel-linux-x86_64-fedora-clang | 2.2.5 | 134.11 | OK | |||
r-devel-linux-x86_64-fedora-gcc | 2.2.5 | 124.91 | OK | |||
r-devel-windows-x86_64 | 2.2.5 | 28.00 | 125.00 | 153.00 | OK | |
r-patched-linux-x86_64 | 2.2.5 | 10.30 | 86.16 | 96.46 | OK | |
r-release-linux-x86_64 | 2.2.5 | 9.58 | 84.69 | 94.27 | OK | |
r-release-macos-arm64 | 2.2.5 | 41.00 | NOTE | |||
r-release-macos-x86_64 | 2.2.5 | 70.00 | OK | |||
r-release-windows-x86_64 | 2.2.5 | 38.00 | 128.00 | 166.00 | OK | |
r-oldrel-macos-arm64 | 2.2.5 | 48.00 | OK | |||
r-oldrel-macos-x86_64 | 2.2.5 | 59.00 | OK | |||
r-oldrel-windows-ix86+x86_64 | 2.2.5 | 22.00 | 115.00 | 137.00 | OK |
Version: 2.2.5
Check: package dependencies
Result: NOTE
Package suggested but not available for checking: ‘rhdf5’
Flavor: r-release-macos-arm64