Last updated on 2022-08-15 08:50:08 CEST.
Flavor | Version | Tinstall | Tcheck | Ttotal | Status | Flags |
---|---|---|---|---|---|---|
r-devel-linux-x86_64-debian-clang | 0.3.9 | 78.41 | 42.69 | 121.10 | NOTE | |
r-devel-linux-x86_64-debian-gcc | 0.3.9 | 64.36 | 33.38 | 97.74 | NOTE | |
r-devel-linux-x86_64-fedora-clang | 0.3.9 | 194.09 | NOTE | |||
r-devel-linux-x86_64-fedora-gcc | 0.3.9 | 176.37 | NOTE | |||
r-devel-windows-x86_64 | 0.3.9 | 70.00 | 86.00 | 156.00 | NOTE | |
r-patched-linux-x86_64 | 0.3.9 | 62.12 | 39.95 | 102.07 | NOTE | |
r-release-linux-x86_64 | 0.3.9 | 70.54 | 41.01 | 111.55 | NOTE | |
r-release-macos-arm64 | 0.3.9 | 50.00 | NOTE | |||
r-release-macos-x86_64 | 0.3.9 | 66.00 | NOTE | |||
r-release-windows-x86_64 | 0.3.9 | 73.00 | 91.00 | 164.00 | NOTE | |
r-oldrel-macos-arm64 | 0.3.9 | 50.00 | NOTE | |||
r-oldrel-macos-x86_64 | 0.3.9 | 67.00 | NOTE | |||
r-oldrel-windows-ix86+x86_64 | 0.3.9 | 186.00 | 94.00 | 280.00 | NOTE |
Version: 0.3.9
Check: for GNU extensions in Makefiles
Result: NOTE
GNU make is a SystemRequirements.
Flavors: r-devel-linux-x86_64-debian-clang, r-devel-linux-x86_64-debian-gcc, r-devel-linux-x86_64-fedora-clang, r-devel-linux-x86_64-fedora-gcc, r-devel-windows-x86_64, r-patched-linux-x86_64, r-release-linux-x86_64, r-release-macos-arm64, r-release-macos-x86_64, r-release-windows-x86_64, r-oldrel-macos-arm64, r-oldrel-macos-x86_64, r-oldrel-windows-ix86+x86_64
Version: 0.3.9
Check: installed package size
Result: NOTE
installed size is 5.7Mb
sub-directories of 1Mb or more:
libs 5.3Mb
Flavors: r-release-macos-arm64, r-release-macos-x86_64, r-oldrel-macos-arm64, r-oldrel-macos-x86_64