Last updated on 2022-08-15 08:50:08 CEST.
Flavor | Version | Tinstall | Tcheck | Ttotal | Status | Flags |
---|---|---|---|---|---|---|
r-devel-linux-x86_64-debian-clang | 0.2.0 | 3.44 | 34.42 | 37.86 | NOTE | |
r-devel-linux-x86_64-debian-gcc | 0.2.0 | 2.18 | 26.75 | 28.93 | NOTE | |
r-devel-linux-x86_64-fedora-clang | 0.2.0 | 59.14 | NOTE | |||
r-devel-linux-x86_64-fedora-gcc | 0.2.0 | 53.84 | NOTE | |||
r-devel-windows-x86_64 | 0.2.0 | 21.00 | 62.00 | 83.00 | OK | |
r-patched-linux-x86_64 | 0.2.0 | 3.81 | 32.59 | 36.40 | NOTE | |
r-release-linux-x86_64 | 0.2.0 | 3.31 | 32.66 | 35.97 | NOTE | |
r-release-macos-arm64 | 0.2.0 | 19.00 | OK | |||
r-release-macos-x86_64 | 0.2.0 | 27.00 | OK | |||
r-release-windows-x86_64 | 0.2.0 | 21.00 | 66.00 | 87.00 | OK | |
r-oldrel-macos-arm64 | 0.2.0 | 24.00 | OK | |||
r-oldrel-macos-x86_64 | 0.2.0 | 34.00 | OK | |||
r-oldrel-windows-ix86+x86_64 | 0.2.0 | 7.00 | 56.00 | 63.00 | OK |
Version: 0.2.0
Check: for non-standard things in the check directory
Result: NOTE
Found the following files/directories:
'simu.pheno' 'usedpars.txt'
Flavors: r-devel-linux-x86_64-debian-clang, r-devel-linux-x86_64-debian-gcc, r-devel-linux-x86_64-fedora-clang, r-devel-linux-x86_64-fedora-gcc, r-patched-linux-x86_64, r-release-linux-x86_64