Last updated on 2022-08-15 08:50:09 CEST.
Flavor | Version | Tinstall | Tcheck | Ttotal | Status | Flags |
---|---|---|---|---|---|---|
r-devel-linux-x86_64-debian-clang | 2.0-5 | 4.70 | 219.76 | 224.46 | NOTE | |
r-devel-linux-x86_64-debian-gcc | 2.0-5 | 4.03 | 160.32 | 164.35 | NOTE | |
r-devel-linux-x86_64-fedora-clang | 2.0-5 | 290.60 | NOTE | |||
r-devel-linux-x86_64-fedora-gcc | 2.0-5 | 265.48 | NOTE | |||
r-devel-windows-x86_64 | 2.0-5 | 91.00 | 426.00 | 517.00 | NOTE | |
r-patched-linux-x86_64 | 2.0-5 | 8.02 | 204.86 | 212.88 | OK | |
r-release-linux-x86_64 | 2.0-5 | 4.90 | 201.47 | 206.37 | OK | |
r-release-macos-arm64 | 2.0-5 | 89.00 | OK | |||
r-release-macos-x86_64 | 2.0-5 | 119.00 | OK | |||
r-release-windows-x86_64 | 2.0-5 | 97.00 | 423.00 | 520.00 | OK | |
r-oldrel-macos-arm64 | 2.0-5 | 137.00 | OK | |||
r-oldrel-macos-x86_64 | 2.0-5 | 239.00 | OK | |||
r-oldrel-windows-ix86+x86_64 | 2.0-5 | 11.00 | 437.00 | 448.00 | OK |
Version: 2.0-5
Check: Rd files
Result: NOTE
checkRd: (-1) ex0723.Rd:29: Escaped LaTeX specials: \&
checkRd: (-1) ex0915.Rd:25: Escaped LaTeX specials: \&
checkRd: (-1) ex1515.Rd:4: Escaped LaTeX specials: \&
Flavors: r-devel-linux-x86_64-debian-clang, r-devel-linux-x86_64-debian-gcc, r-devel-linux-x86_64-fedora-clang, r-devel-linux-x86_64-fedora-gcc, r-devel-windows-x86_64