Last updated on 2022-08-15 08:50:09 CEST.
Flavor | Version | Tinstall | Tcheck | Ttotal | Status | Flags |
---|---|---|---|---|---|---|
r-devel-linux-x86_64-debian-clang | 3.0.0 | 3.71 | 43.24 | 46.95 | OK | |
r-devel-linux-x86_64-debian-gcc | 3.0.0 | 2.80 | 32.51 | 35.31 | OK | |
r-devel-linux-x86_64-fedora-clang | 3.0.0 | 69.37 | NOTE | |||
r-devel-linux-x86_64-fedora-gcc | 3.0.0 | 63.43 | NOTE | |||
r-devel-windows-x86_64 | 3.0.0 | 10.00 | 71.00 | 81.00 | OK | |
r-patched-linux-x86_64 | 3.0.0 | 2.19 | 40.33 | 42.52 | OK | |
r-release-linux-x86_64 | 3.0.0 | 3.30 | 40.75 | 44.05 | OK | |
r-release-macos-arm64 | 3.0.0 | 22.00 | NOTE | |||
r-release-macos-x86_64 | 3.0.0 | 28.00 | NOTE | |||
r-release-windows-x86_64 | 3.0.0 | 24.00 | 72.00 | 96.00 | OK | |
r-oldrel-macos-arm64 | 3.0.0 | 26.00 | NOTE | |||
r-oldrel-macos-x86_64 | 3.0.0 | 39.00 | NOTE | |||
r-oldrel-windows-ix86+x86_64 | 3.0.0 | 9.00 | 75.00 | 84.00 | OK |
Version: 3.0.0
Check: dependencies in R code
Result: NOTE
Namespace in Imports field not imported from: ‘nlme’
All declared Imports should be used.
Flavors: r-devel-linux-x86_64-fedora-clang, r-devel-linux-x86_64-fedora-gcc, r-release-macos-arm64, r-release-macos-x86_64, r-oldrel-macos-arm64, r-oldrel-macos-x86_64