Last updated on 2022-08-15 08:50:09 CEST.
Flavor | Version | Tinstall | Tcheck | Ttotal | Status | Flags |
---|---|---|---|---|---|---|
r-devel-linux-x86_64-debian-clang | 1.0-6.1 | 6.42 | 36.65 | 43.07 | OK | |
r-devel-linux-x86_64-debian-gcc | 1.0-6.1 | 6.34 | 28.44 | 34.78 | OK | |
r-devel-linux-x86_64-fedora-clang | 1.0-6.1 | 67.45 | NOTE | |||
r-devel-linux-x86_64-fedora-gcc | 1.0-6.1 | 62.51 | NOTE | |||
r-devel-windows-x86_64 | 1.0-6.1 | 47.00 | 64.00 | 111.00 | OK | |
r-patched-linux-x86_64 | 1.0-6.1 | 6.86 | 35.79 | 42.65 | OK | |
r-release-linux-x86_64 | 1.0-6.1 | 5.87 | 35.94 | 41.81 | OK | |
r-release-macos-arm64 | 1.0-6.1 | 22.00 | OK | |||
r-release-macos-x86_64 | 1.0-6.1 | 32.00 | OK | |||
r-release-windows-x86_64 | 1.0-6.1 | 28.00 | 65.00 | 93.00 | OK | |
r-oldrel-macos-arm64 | 1.0-6.1 | 29.00 | OK | |||
r-oldrel-macos-x86_64 | 1.0-6.1 | 42.00 | OK | |||
r-oldrel-windows-ix86+x86_64 | 1.0-6.1 | 19.00 | 63.00 | 82.00 | OK |
Version: 1.0-6.1
Check: compiled code
Result: NOTE
File ‘SoDA/libs/SoDA.so’:
Found no call to: ‘R_useDynamicSymbols’
It is good practice to register native routines and to disable symbol
search.
See ‘Writing portable packages’ in the ‘Writing R Extensions’ manual.
Flavors: r-devel-linux-x86_64-fedora-clang, r-devel-linux-x86_64-fedora-gcc