Last updated on 2022-08-15 08:50:09 CEST.
Flavor | Version | Tinstall | Tcheck | Ttotal | Status | Flags |
---|---|---|---|---|---|---|
r-devel-linux-x86_64-debian-clang | 1.6.1 | 75.11 | 332.48 | 407.59 | OK | |
r-devel-linux-x86_64-debian-gcc | 1.6.1 | 65.24 | 247.40 | 312.64 | OK | |
r-devel-linux-x86_64-fedora-clang | 1.6.1 | 517.46 | NOTE | |||
r-devel-linux-x86_64-fedora-gcc | 1.6.1 | 520.89 | OK | |||
r-devel-windows-x86_64 | 1.6.1 | 91.00 | 347.00 | 438.00 | NOTE | |
r-patched-linux-x86_64 | 1.6.1 | 65.43 | 313.28 | 378.71 | OK | |
r-release-linux-x86_64 | 1.6.1 | 59.32 | 312.54 | 371.86 | OK | |
r-release-macos-arm64 | 1.6.1 | 215.00 | NOTE | |||
r-release-macos-x86_64 | 1.6.1 | 202.00 | NOTE | |||
r-release-windows-x86_64 | 1.6.1 | 88.00 | 380.00 | 468.00 | NOTE | |
r-oldrel-macos-arm64 | 1.6.1 | 159.00 | NOTE | |||
r-oldrel-macos-x86_64 | 1.6.1 | 195.00 | NOTE | |||
r-oldrel-windows-ix86+x86_64 | 1.6.1 | 128.00 | 369.00 | 497.00 | NOTE |
Version: 1.6.1
Check: installed package size
Result: NOTE
installed size is 5.8Mb
sub-directories of 1Mb or more:
data 3.9Mb
doc 1.0Mb
Flavors: r-devel-linux-x86_64-fedora-clang, r-devel-windows-x86_64, r-release-macos-arm64, r-release-macos-x86_64, r-release-windows-x86_64, r-oldrel-macos-arm64, r-oldrel-macos-x86_64, r-oldrel-windows-ix86+x86_64
Version: 1.6.1
Check: package dependencies
Result: NOTE
Package suggested but not available for checking: ‘DropletUtils’
Flavors: r-release-macos-arm64, r-release-macos-x86_64, r-oldrel-macos-arm64, r-oldrel-macos-x86_64