Last updated on 2022-08-15 08:50:09 CEST.
Flavor | Version | Tinstall | Tcheck | Ttotal | Status | Flags |
---|---|---|---|---|---|---|
r-devel-linux-x86_64-debian-clang | 0.1.0 | 36.39 | 112.23 | 148.62 | OK | |
r-devel-linux-x86_64-debian-gcc | 0.1.0 | 27.97 | 82.99 | 110.96 | OK | |
r-devel-linux-x86_64-fedora-clang | 0.1.0 | 203.59 | NOTE | |||
r-devel-linux-x86_64-fedora-gcc | 0.1.0 | 181.92 | NOTE | |||
r-devel-windows-x86_64 | 0.1.0 | 35.00 | 152.00 | 187.00 | OK | |
r-patched-linux-x86_64 | 0.1.0 | 24.69 | 103.39 | 128.08 | OK | |
r-release-linux-x86_64 | 0.1.0 | 23.23 | 102.93 | 126.16 | OK | |
r-release-macos-arm64 | 0.1.0 | 52.00 | OK | |||
r-release-macos-x86_64 | 0.1.0 | 84.00 | OK | |||
r-release-windows-x86_64 | 0.1.0 | 34.00 | 153.00 | 187.00 | OK | |
r-oldrel-macos-arm64 | 0.1.0 | 53.00 | OK | |||
r-oldrel-macos-x86_64 | 0.1.0 | 99.00 | OK | |||
r-oldrel-windows-ix86+x86_64 | 0.1.0 | 87.00 | 223.00 | 310.00 | OK |
Version: 0.1.0
Check: compiled code
Result: NOTE
File ‘SpaCCr/libs/SpaCCr.so’:
Found no calls to: ‘R_registerRoutines’, ‘R_useDynamicSymbols’
It is good practice to register native routines and to disable symbol
search.
See ‘Writing portable packages’ in the ‘Writing R Extensions’ manual.
Flavors: r-devel-linux-x86_64-fedora-clang, r-devel-linux-x86_64-fedora-gcc