Last updated on 2022-08-15 08:50:09 CEST.
Flavor | Version | Tinstall | Tcheck | Ttotal | Status | Flags |
---|---|---|---|---|---|---|
r-devel-linux-x86_64-debian-clang | 2.1-1 | 10.03 | 97.29 | 107.32 | OK | |
r-devel-linux-x86_64-debian-gcc | 2.1-1 | 9.19 | 75.15 | 84.34 | OK | |
r-devel-linux-x86_64-fedora-clang | 2.1-1 | 148.71 | NOTE | |||
r-devel-linux-x86_64-fedora-gcc | 2.1-1 | 139.52 | NOTE | |||
r-devel-windows-x86_64 | 2.1-1 | 28.00 | 128.00 | 156.00 | OK | |
r-patched-linux-x86_64 | 2.1-1 | 11.06 | 98.24 | 109.30 | OK | |
r-release-linux-x86_64 | 2.1-1 | 7.51 | 95.61 | 103.12 | OK | |
r-release-macos-arm64 | 2.1-1 | 39.00 | NOTE | |||
r-release-macos-x86_64 | 2.1-1 | 74.00 | NOTE | |||
r-release-windows-x86_64 | 2.1-1 | 25.00 | 126.00 | 151.00 | OK | |
r-oldrel-macos-arm64 | 2.1-1 | 32.00 | NOTE | |||
r-oldrel-macos-x86_64 | 2.1-1 | 52.00 | NOTE | |||
r-oldrel-windows-ix86+x86_64 | 2.1-1 | 25.00 | 120.00 | 145.00 | OK |
Version: 2.1-1
Check: dependencies in R code
Result: NOTE
Namespaces in Imports field not imported from:
‘spatstat.core’ ‘spatstat.linnet’
All declared Imports should be used.
Flavors: r-devel-linux-x86_64-fedora-clang, r-devel-linux-x86_64-fedora-gcc, r-release-macos-arm64, r-release-macos-x86_64, r-oldrel-macos-arm64, r-oldrel-macos-x86_64