Last updated on 2022-08-15 08:50:09 CEST.
Flavor | Version | Tinstall | Tcheck | Ttotal | Status | Flags |
---|---|---|---|---|---|---|
r-devel-linux-x86_64-debian-clang | 1.0.0 | 153.51 | 88.35 | 241.86 | NOTE | |
r-devel-linux-x86_64-debian-gcc | 1.0.0 | 137.77 | 64.90 | 202.67 | NOTE | |
r-devel-linux-x86_64-fedora-clang | 1.0.0 | 296.34 | OK | |||
r-devel-linux-x86_64-fedora-gcc | 1.0.0 | 357.94 | OK | |||
r-devel-windows-x86_64 | 1.0.0 | 121.00 | 144.00 | 265.00 | NOTE | |
r-patched-linux-x86_64 | 1.0.0 | 141.50 | 89.55 | 231.05 | NOTE | |
r-release-linux-x86_64 | 1.0.0 | 135.32 | 85.49 | 220.81 | NOTE | |
r-release-macos-arm64 | 1.0.0 | 73.00 | NOTE | |||
r-release-macos-x86_64 | 1.0.0 | 119.00 | NOTE | |||
r-release-windows-x86_64 | 1.0.0 | 105.00 | 145.00 | 250.00 | NOTE | |
r-oldrel-macos-arm64 | 1.0.0 | 75.00 | NOTE | |||
r-oldrel-macos-x86_64 | 1.0.0 | 110.00 | NOTE | |||
r-oldrel-windows-ix86+x86_64 | 1.0.0 | 292.00 | 210.00 | 502.00 | NOTE |
Version: 1.0.0
Check: package dependencies
Result: NOTE
Package suggested but not available for checking: 'INLA'
Flavors: r-devel-linux-x86_64-debian-clang, r-devel-linux-x86_64-debian-gcc, r-devel-windows-x86_64, r-patched-linux-x86_64, r-release-linux-x86_64, r-release-macos-arm64, r-release-macos-x86_64, r-release-windows-x86_64, r-oldrel-macos-arm64, r-oldrel-macos-x86_64
Version: 1.0.0
Check: installed package size
Result: NOTE
installed size is 14.6Mb
sub-directories of 1Mb or more:
libs 13.5Mb
Flavors: r-devel-windows-x86_64, r-release-macos-arm64, r-release-macos-x86_64, r-release-windows-x86_64, r-oldrel-macos-arm64, r-oldrel-macos-x86_64, r-oldrel-windows-ix86+x86_64