Last updated on 2022-08-15 08:50:09 CEST.
Flavor | Version | Tinstall | Tcheck | Ttotal | Status | Flags |
---|---|---|---|---|---|---|
r-devel-linux-x86_64-debian-clang | 0.4.0 | 41.86 | 42.21 | 84.07 | OK | |
r-devel-linux-x86_64-debian-gcc | 0.4.0 | 35.99 | 33.82 | 69.81 | OK | |
r-devel-linux-x86_64-fedora-clang | 0.4.0 | 129.93 | OK | |||
r-devel-linux-x86_64-fedora-gcc | 0.4.0 | 121.63 | OK | |||
r-devel-windows-x86_64 | 0.4.0 | 40.00 | 87.00 | 127.00 | OK | |
r-patched-linux-x86_64 | 0.4.0 | 36.23 | 42.02 | 78.25 | OK | |
r-release-linux-x86_64 | 0.4.0 | 34.74 | 42.79 | 77.53 | OK | |
r-release-macos-arm64 | 0.4.0 | 33.00 | NOTE | |||
r-release-macos-x86_64 | 0.4.0 | 41.00 | NOTE | |||
r-release-windows-x86_64 | 0.4.0 | 38.00 | 89.00 | 127.00 | OK | |
r-oldrel-macos-arm64 | 0.4.0 | 40.00 | NOTE | |||
r-oldrel-macos-x86_64 | 0.4.0 | 56.00 | NOTE | |||
r-oldrel-windows-ix86+x86_64 | 0.4.0 | 93.00 | 136.00 | 229.00 | OK |
Version: 0.4.0
Check: installed package size
Result: NOTE
installed size is 5.9Mb
sub-directories of 1Mb or more:
libs 5.4Mb
Flavors: r-release-macos-arm64, r-release-macos-x86_64, r-oldrel-macos-arm64, r-oldrel-macos-x86_64