Last updated on 2022-08-15 08:50:09 CEST.
Flavor | Version | Tinstall | Tcheck | Ttotal | Status | Flags |
---|---|---|---|---|---|---|
r-devel-linux-x86_64-debian-clang | 1.0.4 | 110.46 | 33.95 | 144.41 | OK | |
r-devel-linux-x86_64-debian-gcc | 1.0.4 | 90.53 | 26.40 | 116.93 | OK | |
r-devel-linux-x86_64-fedora-clang | 1.0.4 | 241.73 | OK | |||
r-devel-linux-x86_64-fedora-gcc | 1.0.4 | 207.17 | OK | |||
r-devel-windows-x86_64 | 1.0.4 | 93.00 | 76.00 | 169.00 | OK | |
r-patched-linux-x86_64 | 1.0.4 | 95.80 | 33.64 | 129.44 | OK | |
r-release-linux-x86_64 | 1.0.4 | 96.15 | 33.47 | 129.62 | OK | |
r-release-macos-arm64 | 1.0.4 | 47.00 | NOTE | |||
r-release-macos-x86_64 | 1.0.4 | 72.00 | NOTE | |||
r-release-windows-x86_64 | 1.0.4 | 87.00 | 80.00 | 167.00 | OK | |
r-oldrel-macos-arm64 | 1.0.4 | 40.00 | NOTE | |||
r-oldrel-macos-x86_64 | 1.0.4 | 75.00 | NOTE | |||
r-oldrel-windows-ix86+x86_64 | 1.0.4 | 272.00 | 85.00 | 357.00 | OK |
Version: 1.0.4
Check: installed package size
Result: NOTE
installed size is 5.5Mb
sub-directories of 1Mb or more:
libs 5.4Mb
Flavors: r-release-macos-arm64, r-release-macos-x86_64, r-oldrel-macos-arm64, r-oldrel-macos-x86_64