Last updated on 2022-08-15 08:50:10 CEST.
Flavor | Version | Tinstall | Tcheck | Ttotal | Status | Flags |
---|---|---|---|---|---|---|
r-devel-linux-x86_64-debian-clang | 3.1.1 | 20.80 | 29.25 | 50.05 | NOTE | |
r-devel-linux-x86_64-debian-gcc | 3.1.1 | 15.92 | 22.50 | 38.42 | NOTE | |
r-devel-linux-x86_64-fedora-clang | 3.1.1 | 81.31 | NOTE | |||
r-devel-linux-x86_64-fedora-gcc | 3.1.1 | 71.59 | NOTE | |||
r-devel-windows-x86_64 | 3.1.1 | 23.00 | 77.00 | 100.00 | NOTE | |
r-patched-linux-x86_64 | 3.1.1 | 16.09 | 28.04 | 44.13 | NOTE | |
r-release-linux-x86_64 | 3.1.1 | 15.18 | 28.31 | 43.49 | NOTE | |
r-release-macos-arm64 | 3.1.1 | 24.00 | NOTE | |||
r-release-macos-x86_64 | 3.1.1 | 33.00 | NOTE | |||
r-release-windows-x86_64 | 3.1.1 | 32.00 | 81.00 | 113.00 | NOTE | |
r-oldrel-macos-arm64 | 3.1.1 | 30.00 | NOTE | |||
r-oldrel-macos-x86_64 | 3.1.1 | 36.00 | NOTE | |||
r-oldrel-windows-ix86+x86_64 | 3.1.1 | 55.00 | 71.00 | 126.00 | NOTE |
Version: 3.1.1
Check: for GNU extensions in Makefiles
Result: NOTE
GNU make is a SystemRequirements.
Flavors: r-devel-linux-x86_64-debian-clang, r-devel-linux-x86_64-debian-gcc, r-devel-linux-x86_64-fedora-clang, r-devel-linux-x86_64-fedora-gcc, r-devel-windows-x86_64, r-patched-linux-x86_64, r-release-linux-x86_64, r-release-macos-arm64, r-release-macos-x86_64, r-release-windows-x86_64, r-oldrel-macos-arm64, r-oldrel-macos-x86_64, r-oldrel-windows-ix86+x86_64