Last updated on 2022-08-15 08:50:09 CEST.
Flavor | Version | Tinstall | Tcheck | Ttotal | Status | Flags |
---|---|---|---|---|---|---|
r-devel-linux-x86_64-debian-clang | 1.0-26 | 3.81 | 35.67 | 39.48 | NOTE | |
r-devel-linux-x86_64-debian-gcc | 1.0-26 | 2.80 | 27.77 | 30.57 | NOTE | |
r-devel-linux-x86_64-fedora-clang | 1.0-26 | 61.55 | NOTE | |||
r-devel-linux-x86_64-fedora-gcc | 1.0-26 | 57.83 | NOTE | |||
r-devel-windows-x86_64 | 1.0-26 | 17.00 | 63.00 | 80.00 | OK | |
r-patched-linux-x86_64 | 1.0-26 | 3.35 | 34.60 | 37.95 | NOTE | |
r-release-linux-x86_64 | 1.0-26 | 3.05 | 34.53 | 37.58 | NOTE | |
r-release-macos-arm64 | 1.0-26 | 21.00 | OK | |||
r-release-macos-x86_64 | 1.0-26 | 27.00 | OK | |||
r-release-windows-x86_64 | 1.0-26 | 14.00 | 68.00 | 82.00 | OK | |
r-oldrel-macos-arm64 | 1.0-26 | 23.00 | OK | |||
r-oldrel-macos-x86_64 | 1.0-26 | 32.00 | OK | |||
r-oldrel-windows-ix86+x86_64 | 1.0-26 | 8.00 | 57.00 | 65.00 | OK |
Version: 1.0-26
Check: for non-standard things in the check directory
Result: NOTE
Found the following files/directories:
'testmat.sdml' 'testmat2.sdml'
Flavors: r-devel-linux-x86_64-debian-clang, r-devel-linux-x86_64-debian-gcc, r-devel-linux-x86_64-fedora-clang, r-devel-linux-x86_64-fedora-gcc, r-patched-linux-x86_64, r-release-linux-x86_64