Last updated on 2022-08-15 08:50:10 CEST.
Flavor | Version | Tinstall | Tcheck | Ttotal | Status | Flags |
---|---|---|---|---|---|---|
r-devel-linux-x86_64-debian-clang | 1.1.0 | 52.29 | 120.52 | 172.81 | NOTE | |
r-devel-linux-x86_64-debian-gcc | 1.1.0 | 45.41 | 89.27 | 134.68 | NOTE | |
r-devel-linux-x86_64-fedora-clang | 1.1.0 | 235.65 | NOTE | |||
r-devel-linux-x86_64-fedora-gcc | 1.1.0 | 239.75 | NOTE | |||
r-devel-windows-x86_64 | 1.1.0 | 55.00 | 156.00 | 211.00 | NOTE | |
r-patched-linux-x86_64 | 1.1.0 | 43.66 | 112.06 | 155.72 | OK | |
r-release-linux-x86_64 | 1.1.0 | 40.61 | 113.33 | 153.94 | OK | |
r-release-macos-arm64 | 1.1.0 | 58.00 | OK | |||
r-release-macos-x86_64 | 1.1.0 | 106.00 | OK | |||
r-release-windows-x86_64 | 1.1.0 | 56.00 | 155.00 | 211.00 | OK | |
r-oldrel-macos-arm64 | 1.1.0 | 65.00 | NOTE | |||
r-oldrel-macos-x86_64 | 1.1.0 | 111.00 | OK | |||
r-oldrel-windows-ix86+x86_64 | 1.1.0 | 125.00 | 190.00 | 315.00 | OK |
Version: 1.1.0
Check: package subdirectories
Result: NOTE
Problems with news in 'NEWS.md':
No news entries found.
Flavors: r-devel-linux-x86_64-debian-clang, r-devel-linux-x86_64-debian-gcc, r-devel-linux-x86_64-fedora-clang, r-devel-linux-x86_64-fedora-gcc, r-devel-windows-x86_64
Version: 1.1.0
Check: installed package size
Result: NOTE
installed size is 5.1Mb
sub-directories of 1Mb or more:
libs 4.9Mb
Flavor: r-oldrel-macos-arm64