Last updated on 2022-08-15 08:50:10 CEST.
Flavor | Version | Tinstall | Tcheck | Ttotal | Status | Flags |
---|---|---|---|---|---|---|
r-devel-linux-x86_64-debian-clang | 1.0 | 33.49 | 26.68 | 60.17 | OK | |
r-devel-linux-x86_64-debian-gcc | 1.0 | 25.89 | 21.10 | 46.99 | OK | |
r-devel-linux-x86_64-fedora-clang | 1.0 | 95.92 | NOTE | |||
r-devel-linux-x86_64-fedora-gcc | 1.0 | 85.49 | NOTE | |||
r-devel-windows-x86_64 | 1.0 | 33.00 | 69.00 | 102.00 | OK | |
r-patched-linux-x86_64 | 1.0 | 27.58 | 26.22 | 53.80 | OK | |
r-release-linux-x86_64 | 1.0 | 27.84 | 26.38 | 54.22 | OK | |
r-release-macos-arm64 | 1.0 | 27.00 | OK | |||
r-release-macos-x86_64 | 1.0 | 33.00 | OK | |||
r-release-windows-x86_64 | 1.0 | 34.00 | 71.00 | 105.00 | OK | |
r-oldrel-macos-arm64 | 1.0 | 30.00 | OK | |||
r-oldrel-macos-x86_64 | 1.0 | 42.00 | OK | |||
r-oldrel-windows-ix86+x86_64 | 1.0 | 79.00 | 70.00 | 149.00 | OK |
Version: 1.0
Check: compiled code
Result: NOTE
File ‘StepwiseTest/libs/StepwiseTest.so’:
Found no calls to: ‘R_registerRoutines’, ‘R_useDynamicSymbols’
It is good practice to register native routines and to disable symbol
search.
See ‘Writing portable packages’ in the ‘Writing R Extensions’ manual.
Flavors: r-devel-linux-x86_64-fedora-clang, r-devel-linux-x86_64-fedora-gcc