Last updated on 2022-08-15 08:50:10 CEST.
Flavor | Version | Tinstall | Tcheck | Ttotal | Status | Flags |
---|---|---|---|---|---|---|
r-devel-linux-x86_64-debian-clang | 0.3.0 | 4.34 | 32.64 | 36.98 | OK | |
r-devel-linux-x86_64-debian-gcc | 0.3.0 | 3.28 | 24.91 | 28.19 | OK | |
r-devel-linux-x86_64-fedora-clang | 0.3.0 | 57.80 | NOTE | |||
r-devel-linux-x86_64-fedora-gcc | 0.3.0 | 53.49 | NOTE | |||
r-devel-windows-x86_64 | 0.3.0 | 14.00 | 53.00 | 67.00 | OK | |
r-patched-linux-x86_64 | 0.3.0 | 4.37 | 31.20 | 35.57 | OK | |
r-release-linux-x86_64 | 0.3.0 | 3.62 | 31.34 | 34.96 | OK | |
r-release-macos-arm64 | 0.3.0 | 18.00 | NOTE | |||
r-release-macos-x86_64 | 0.3.0 | 24.00 | NOTE | |||
r-release-windows-x86_64 | 0.3.0 | 12.00 | 55.00 | 67.00 | OK | |
r-oldrel-macos-arm64 | 0.3.0 | 24.00 | NOTE | |||
r-oldrel-macos-x86_64 | 0.3.0 | 28.00 | NOTE | |||
r-oldrel-windows-ix86+x86_64 | 0.3.0 | 9.00 | 52.00 | 61.00 | OK |
Version: 0.3.0
Check: dependencies in R code
Result: NOTE
Namespace in Imports field not imported from: ‘bnlearn’
All declared Imports should be used.
Flavors: r-devel-linux-x86_64-fedora-clang, r-devel-linux-x86_64-fedora-gcc, r-release-macos-arm64, r-release-macos-x86_64, r-oldrel-macos-arm64, r-oldrel-macos-x86_64