Last updated on 2022-08-15 08:50:10 CEST.
Flavor | Version | Tinstall | Tcheck | Ttotal | Status | Flags |
---|---|---|---|---|---|---|
r-devel-linux-x86_64-debian-clang | 1.0.5 | 17.69 | 394.01 | 411.70 | OK | |
r-devel-linux-x86_64-debian-gcc | 1.0.5 | 14.39 | 302.11 | 316.50 | OK | |
r-devel-linux-x86_64-fedora-clang | 1.0.5 | 476.75 | NOTE | |||
r-devel-linux-x86_64-fedora-gcc | 1.0.5 | 462.22 | OK | |||
r-devel-windows-x86_64 | 1.0.5 | 156.00 | 218.00 | 374.00 | NOTE | |
r-patched-linux-x86_64 | 1.0.5 | 14.88 | 374.49 | 389.37 | OK | |
r-release-linux-x86_64 | 1.0.5 | 12.79 | 371.79 | 384.58 | OK | |
r-release-macos-arm64 | 1.0.5 | 92.00 | NOTE | |||
r-release-macos-x86_64 | 1.0.5 | 240.00 | NOTE | |||
r-release-windows-x86_64 | 1.0.5 | 145.00 | 261.00 | 406.00 | NOTE | |
r-oldrel-macos-arm64 | 1.0.5 | 97.00 | NOTE | |||
r-oldrel-macos-x86_64 | 1.0.5 | 154.00 | NOTE | |||
r-oldrel-windows-ix86+x86_64 | 1.0.5 | 37.00 | 372.00 | 409.00 | NOTE |
Version: 1.0.5
Check: installed package size
Result: NOTE
installed size is 5.7Mb
sub-directories of 1Mb or more:
doc 5.0Mb
Flavors: r-devel-linux-x86_64-fedora-clang, r-devel-windows-x86_64, r-release-macos-arm64, r-release-macos-x86_64, r-release-windows-x86_64, r-oldrel-macos-arm64, r-oldrel-macos-x86_64, r-oldrel-windows-ix86+x86_64