Last updated on 2022-08-15 08:50:10 CEST.
Flavor | Version | Tinstall | Tcheck | Ttotal | Status | Flags |
---|---|---|---|---|---|---|
r-devel-linux-x86_64-debian-clang | 0.2.2 | 10.31 | 96.42 | 106.73 | NOTE | |
r-devel-linux-x86_64-debian-gcc | 0.2.2 | 8.21 | 71.79 | 80.00 | NOTE | |
r-devel-linux-x86_64-fedora-clang | 0.2.2 | 143.84 | NOTE | |||
r-devel-linux-x86_64-fedora-gcc | 0.2.2 | 136.11 | NOTE | |||
r-devel-windows-x86_64 | 0.2.2 | 15.00 | 113.00 | 128.00 | NOTE | |
r-patched-linux-x86_64 | 0.2.2 | 10.36 | 89.78 | 100.14 | NOTE | |
r-release-linux-x86_64 | 0.2.2 | 9.06 | 91.58 | 100.64 | NOTE | |
r-release-macos-arm64 | 0.2.2 | 36.00 | NOTE | |||
r-release-macos-x86_64 | 0.2.2 | 73.00 | NOTE | |||
r-release-windows-x86_64 | 0.2.2 | 20.00 | 115.00 | 135.00 | NOTE | |
r-oldrel-macos-arm64 | 0.2.2 | 44.00 | NOTE | |||
r-oldrel-macos-x86_64 | 0.2.2 | 76.00 | NOTE | |||
r-oldrel-windows-ix86+x86_64 | 0.2.2 | 27.00 | 111.00 | 138.00 | NOTE |
Version: 0.2.2
Check: LazyData
Result: NOTE
'LazyData' is specified without a 'data' directory
Flavors: r-devel-linux-x86_64-debian-clang, r-devel-linux-x86_64-debian-gcc, r-devel-linux-x86_64-fedora-clang, r-devel-linux-x86_64-fedora-gcc, r-devel-windows-x86_64, r-patched-linux-x86_64, r-release-linux-x86_64, r-release-macos-arm64, r-release-macos-x86_64, r-release-windows-x86_64, r-oldrel-macos-arm64, r-oldrel-macos-x86_64, r-oldrel-windows-ix86+x86_64