Last updated on 2022-08-15 08:50:10 CEST.
Flavor | Version | Tinstall | Tcheck | Ttotal | Status | Flags |
---|---|---|---|---|---|---|
r-devel-linux-x86_64-debian-clang | 0.1.0 | 17.84 | 147.27 | 165.11 | OK | |
r-devel-linux-x86_64-debian-gcc | 0.1.0 | 12.91 | 108.01 | 120.92 | OK | |
r-devel-linux-x86_64-fedora-clang | 0.1.0 | 212.16 | NOTE | |||
r-devel-linux-x86_64-fedora-gcc | 0.1.0 | 197.87 | NOTE | |||
r-devel-windows-x86_64 | 0.1.0 | 34.00 | 169.00 | 203.00 | OK | |
r-patched-linux-x86_64 | 0.1.0 | 16.10 | 134.58 | 150.68 | OK | |
r-release-linux-x86_64 | 0.1.0 | 16.49 | 138.34 | 154.83 | OK | |
r-release-macos-arm64 | 0.1.0 | 56.00 | NOTE | |||
r-release-macos-x86_64 | 0.1.0 | 93.00 | NOTE | |||
r-release-windows-x86_64 | 0.1.0 | 35.00 | 166.00 | 201.00 | OK | |
r-oldrel-macos-arm64 | 0.1.0 | 65.00 | NOTE | |||
r-oldrel-macos-x86_64 | 0.1.0 | 99.00 | NOTE | |||
r-oldrel-windows-ix86+x86_64 | 0.1.0 | 37.00 | 182.00 | 219.00 | OK |
Version: 0.1.0
Check: dependencies in R code
Result: NOTE
Namespaces in Imports field not imported from:
‘broom’ ‘car’ ‘lmerTest’ ‘pbkrtest’
All declared Imports should be used.
Flavors: r-devel-linux-x86_64-fedora-clang, r-devel-linux-x86_64-fedora-gcc, r-release-macos-arm64, r-release-macos-x86_64, r-oldrel-macos-arm64, r-oldrel-macos-x86_64