Last updated on 2022-08-15 08:50:10 CEST.
Flavor | Version | Tinstall | Tcheck | Ttotal | Status | Flags |
---|---|---|---|---|---|---|
r-devel-linux-x86_64-debian-clang | 0.1.3 | 37.77 | 335.29 | 373.06 | OK | |
r-devel-linux-x86_64-debian-gcc | 0.1.3 | 28.54 | 241.78 | 270.32 | OK | |
r-devel-linux-x86_64-fedora-clang | 0.1.3 | 464.36 | NOTE | |||
r-devel-linux-x86_64-fedora-gcc | 0.1.3 | 451.65 | NOTE | |||
r-devel-windows-x86_64 | 0.1.3 | 60.00 | 651.00 | 711.00 | OK | |
r-patched-linux-x86_64 | 0.1.3 | 27.81 | 315.81 | 343.62 | OK | |
r-release-linux-x86_64 | 0.1.3 | 23.81 | 310.59 | 334.40 | OK | |
r-release-macos-arm64 | 0.1.3 | 142.00 | NOTE | |||
r-release-macos-x86_64 | 0.1.3 | 184.00 | NOTE | |||
r-release-windows-x86_64 | 0.1.3 | 62.00 | 603.00 | 665.00 | OK | |
r-oldrel-macos-arm64 | 0.1.3 | 155.00 | NOTE | |||
r-oldrel-macos-x86_64 | 0.1.3 | 196.00 | NOTE | |||
r-oldrel-windows-ix86+x86_64 | 0.1.3 | 63.00 | 646.00 | 709.00 | OK |
Version: 0.1.3
Check: dependencies in R code
Result: NOTE
Namespaces in Imports field not imported from:
‘UpSetR’ ‘alluvial’ ‘gridBase’
All declared Imports should be used.
Flavors: r-devel-linux-x86_64-fedora-clang, r-devel-linux-x86_64-fedora-gcc, r-release-macos-arm64, r-release-macos-x86_64, r-oldrel-macos-arm64, r-oldrel-macos-x86_64