Last updated on 2022-08-15 08:50:10 CEST.
Flavor | Version | Tinstall | Tcheck | Ttotal | Status | Flags |
---|---|---|---|---|---|---|
r-devel-linux-x86_64-debian-clang | 0.1.5 | 51.89 | 455.74 | 507.63 | OK | |
r-devel-linux-x86_64-debian-gcc | 0.1.5 | 45.53 | 341.81 | 387.34 | OK | |
r-devel-linux-x86_64-fedora-clang | 0.1.5 | 658.89 | OK | |||
r-devel-linux-x86_64-fedora-gcc | 0.1.5 | 622.14 | OK | |||
r-devel-windows-x86_64 | 0.1.5 | 77.00 | 640.00 | 717.00 | OK | |
r-patched-linux-x86_64 | 0.1.5 | 42.01 | 432.06 | 474.07 | OK | |
r-release-linux-x86_64 | 0.1.5 | 37.75 | 435.50 | 473.25 | OK | |
r-release-macos-arm64 | 0.1.5 | 177.00 | OK | |||
r-release-macos-x86_64 | 0.1.5 | 238.00 | OK | |||
r-release-windows-x86_64 | 0.1.5 | 215.00 | 513.00 | 728.00 | OK | |
r-oldrel-macos-arm64 | 0.1.5 | 237.00 | NOTE | |||
r-oldrel-macos-x86_64 | 0.1.5 | 218.00 | OK | |||
r-oldrel-windows-ix86+x86_64 | 0.1.5 | 108.00 | 476.00 | 584.00 | OK |
Version: 0.1.5
Check: installed package size
Result: NOTE
installed size is 5.3Mb
sub-directories of 1Mb or more:
data 4.6Mb
Flavor: r-oldrel-macos-arm64