Last updated on 2022-08-15 08:50:10 CEST.
Flavor | Version | Tinstall | Tcheck | Ttotal | Status | Flags |
---|---|---|---|---|---|---|
r-devel-linux-x86_64-debian-clang | 2.0-28 | 7.75 | 407.34 | 415.09 | NOTE | |
r-devel-linux-x86_64-debian-gcc | 2.0-28 | 5.70 | 297.96 | 303.66 | NOTE | |
r-devel-linux-x86_64-fedora-clang | 2.0-28 | 469.51 | NOTE | |||
r-devel-linux-x86_64-fedora-gcc | 2.0-28 | 446.99 | NOTE | |||
r-devel-windows-x86_64 | 2.0-28 | 75.00 | 590.00 | 665.00 | FAIL | |
r-patched-linux-x86_64 | 2.0-28 | 8.44 | 376.03 | 384.47 | NOTE | |
r-release-linux-x86_64 | 2.0-28 | 6.40 | 369.82 | 376.22 | NOTE | |
r-release-macos-arm64 | 2.0-28 | 169.00 | NOTE | |||
r-release-macos-x86_64 | 2.0-28 | 168.00 | OK | |||
r-release-windows-x86_64 | 2.0-28 | 115.00 | 434.00 | 549.00 | OK | |
r-oldrel-macos-arm64 | 2.0-28 | 266.00 | OK | |||
r-oldrel-macos-x86_64 | 2.0-28 | 278.00 | OK | |||
r-oldrel-windows-ix86+x86_64 | 2.0-28 | 14.00 | 445.00 | 459.00 | OK |
Version: 2.0-28
Check: package dependencies
Result: NOTE
Package suggested but not available for checking: 'extraTrees'
Flavors: r-devel-linux-x86_64-debian-clang, r-devel-linux-x86_64-debian-gcc, r-devel-linux-x86_64-fedora-clang, r-devel-linux-x86_64-fedora-gcc, r-patched-linux-x86_64, r-release-linux-x86_64
Version: 2.0-28
Check: Rd cross-references
Result: NOTE
Unknown package 'extraTrees' in Rd xrefs
Flavors: r-devel-linux-x86_64-debian-clang, r-devel-linux-x86_64-debian-gcc, r-devel-linux-x86_64-fedora-clang, r-devel-linux-x86_64-fedora-gcc, r-patched-linux-x86_64, r-release-linux-x86_64
Version: 2.0-28
Check: re-building of vignette outputs
Result: FAIL
Flavor: r-devel-windows-x86_64
Version: 2.0-28
Check: package dependencies
Result: NOTE
Packages suggested but not available for checking: 'genefilter', 'sva'
Flavor: r-release-macos-arm64