Last updated on 2022-08-15 08:50:10 CEST.
Flavor | Version | Tinstall | Tcheck | Ttotal | Status | Flags |
---|---|---|---|---|---|---|
r-devel-linux-x86_64-debian-clang | 1.0.5 | 65.89 | 45.11 | 111.00 | OK | |
r-devel-linux-x86_64-debian-gcc | 1.0.5 | 52.49 | 34.28 | 86.77 | OK | |
r-devel-linux-x86_64-fedora-clang | 1.0.5 | 162.13 | OK | |||
r-devel-linux-x86_64-fedora-gcc | 1.0.5 | 121.67 | OK | |||
r-devel-windows-x86_64 | 1.0.5 | 204.00 | 98.00 | 302.00 | OK | |
r-patched-linux-x86_64 | 1.0.5 | 58.56 | 43.79 | 102.35 | OK | |
r-release-linux-x86_64 | 1.0.5 | 61.13 | 43.69 | 104.82 | OK | |
r-release-macos-arm64 | 1.0.5 | 42.00 | NOTE | |||
r-release-macos-x86_64 | 1.0.5 | 69.00 | NOTE | |||
r-release-windows-x86_64 | 1.0.5 | 147.00 | 103.00 | 250.00 | OK | |
r-oldrel-macos-arm64 | 1.0.5 | 36.00 | NOTE | |||
r-oldrel-macos-x86_64 | 1.0.5 | 49.00 | NOTE | |||
r-oldrel-windows-ix86+x86_64 | 1.0.5 | 143.00 | 119.00 | 262.00 | OK |
Version: 1.0.5
Check: installed package size
Result: NOTE
installed size is 5.7Mb
sub-directories of 1Mb or more:
libs 5.4Mb
Flavors: r-release-macos-arm64, r-release-macos-x86_64, r-oldrel-macos-arm64, r-oldrel-macos-x86_64