Last updated on 2022-08-15 08:50:10 CEST.
Flavor | Version | Tinstall | Tcheck | Ttotal | Status | Flags |
---|---|---|---|---|---|---|
r-devel-linux-x86_64-debian-clang | 0.1.1 | 21.70 | 161.64 | 183.34 | OK | |
r-devel-linux-x86_64-debian-gcc | 0.1.1 | 16.67 | 118.40 | 135.07 | OK | |
r-devel-linux-x86_64-fedora-clang | 0.1.1 | 232.53 | NOTE | |||
r-devel-linux-x86_64-fedora-gcc | 0.1.1 | 227.89 | NOTE | |||
r-devel-windows-x86_64 | 0.1.1 | 23.00 | 172.00 | 195.00 | OK | |
r-patched-linux-x86_64 | 0.1.1 | 17.76 | 149.83 | 167.59 | OK | |
r-release-linux-x86_64 | 0.1.1 | 15.07 | 149.89 | 164.96 | OK | |
r-release-macos-arm64 | 0.1.1 | 57.00 | NOTE | |||
r-release-macos-x86_64 | 0.1.1 | 97.00 | NOTE | |||
r-release-windows-x86_64 | 0.1.1 | 24.00 | 175.00 | 199.00 | OK | |
r-oldrel-macos-arm64 | 0.1.1 | 64.00 | NOTE | |||
r-oldrel-macos-x86_64 | 0.1.1 | 70.00 | NOTE | |||
r-oldrel-windows-ix86+x86_64 | 0.1.1 | 37.00 | 206.00 | 243.00 | OK |
Version: 0.1.1
Check: dependencies in R code
Result: NOTE
Namespace in Imports field not imported from: ‘readr’
All declared Imports should be used.
Flavors: r-devel-linux-x86_64-fedora-clang, r-devel-linux-x86_64-fedora-gcc, r-release-macos-arm64, r-release-macos-x86_64, r-oldrel-macos-arm64, r-oldrel-macos-x86_64