Last updated on 2022-08-15 08:50:10 CEST.
Flavor | Version | Tinstall | Tcheck | Ttotal | Status | Flags |
---|---|---|---|---|---|---|
r-devel-linux-x86_64-debian-clang | 0.1.1 | 12.28 | 101.21 | 113.49 | OK | |
r-devel-linux-x86_64-debian-gcc | 0.1.1 | 11.12 | 75.81 | 86.93 | OK | |
r-devel-linux-x86_64-fedora-clang | 0.1.1 | 155.07 | NOTE | |||
r-devel-linux-x86_64-fedora-gcc | 0.1.1 | 151.11 | NOTE | |||
r-devel-windows-x86_64 | 0.1.1 | 21.00 | 122.00 | 143.00 | OK | |
r-patched-linux-x86_64 | 0.1.1 | 12.09 | 96.76 | 108.85 | OK | |
r-release-linux-x86_64 | 0.1.1 | 10.62 | 94.73 | 105.35 | OK | |
r-release-macos-arm64 | 0.1.1 | 48.00 | NOTE | |||
r-release-macos-x86_64 | 0.1.1 | 68.00 | NOTE | |||
r-release-windows-x86_64 | 0.1.1 | 38.00 | 123.00 | 161.00 | OK | |
r-oldrel-macos-arm64 | 0.1.1 | 37.00 | NOTE | |||
r-oldrel-macos-x86_64 | 0.1.1 | 67.00 | NOTE | |||
r-oldrel-windows-ix86+x86_64 | 0.1.1 | 29.00 | 147.00 | 176.00 | OK |
Version: 0.1.1
Check: dependencies in R code
Result: NOTE
Namespaces in Imports field not imported from:
‘Rdpack’ ‘readr’ ‘rlang’ ‘survival’ ‘tidyverse’ ‘utils’
All declared Imports should be used.
Flavors: r-devel-linux-x86_64-fedora-clang, r-devel-linux-x86_64-fedora-gcc, r-release-macos-arm64, r-release-macos-x86_64, r-oldrel-macos-arm64, r-oldrel-macos-x86_64