Last updated on 2022-08-15 08:50:10 CEST.
Flavor | Version | Tinstall | Tcheck | Ttotal | Status | Flags |
---|---|---|---|---|---|---|
r-devel-linux-x86_64-debian-clang | 0.13.0 | 16.65 | 192.80 | 209.45 | NOTE | |
r-devel-linux-x86_64-debian-gcc | 0.13.0 | 14.07 | 138.18 | 152.25 | NOTE | |
r-devel-linux-x86_64-fedora-clang | 0.13.0 | 264.86 | NOTE | |||
r-devel-linux-x86_64-fedora-gcc | 0.13.0 | 243.11 | NOTE | |||
r-devel-windows-x86_64 | 0.13.0 | 62.00 | 240.00 | 302.00 | NOTE | |
r-patched-linux-x86_64 | 0.13.0 | 14.38 | 182.32 | 196.70 | OK | |
r-release-linux-x86_64 | 0.13.0 | 11.53 | 182.15 | 193.68 | OK | |
r-release-macos-arm64 | 0.13.0 | 60.00 | OK | |||
r-release-macos-x86_64 | 0.13.0 | 97.00 | OK | |||
r-release-windows-x86_64 | 0.13.0 | 57.00 | 255.00 | 312.00 | OK | |
r-oldrel-macos-arm64 | 0.13.0 | 71.00 | OK | |||
r-oldrel-macos-x86_64 | 0.13.0 | 91.00 | OK | |||
r-oldrel-windows-ix86+x86_64 | 0.13.0 | 31.00 | 276.00 | 307.00 | OK |
Version: 0.13.0
Check: package subdirectories
Result: NOTE
Problems with news in 'NEWS.md':
Cannot extract version info from the following section titles:
CRAN release
Flavors: r-devel-linux-x86_64-debian-clang, r-devel-linux-x86_64-debian-gcc, r-devel-linux-x86_64-fedora-clang, r-devel-linux-x86_64-fedora-gcc, r-devel-windows-x86_64