Last updated on 2022-08-15 08:50:10 CEST.
Flavor | Version | Tinstall | Tcheck | Ttotal | Status | Flags |
---|---|---|---|---|---|---|
r-devel-linux-x86_64-debian-clang | 0.2.1 | 7.01 | 134.82 | 141.83 | OK | |
r-devel-linux-x86_64-debian-gcc | 0.2.1 | 6.39 | 97.77 | 104.16 | OK | |
r-devel-linux-x86_64-fedora-clang | 0.2.1 | 183.41 | OK | |||
r-devel-linux-x86_64-fedora-gcc | 0.2.1 | 172.66 | OK | |||
r-devel-windows-x86_64 | 0.2.1 | 22.00 | 154.00 | 176.00 | OK | |
r-patched-linux-x86_64 | 0.2.1 | 6.33 | 126.88 | 133.21 | OK | |
r-release-linux-x86_64 | 0.2.1 | 5.11 | 126.29 | 131.40 | OK | |
r-release-macos-arm64 | 0.2.1 | 44.00 | OK | |||
r-release-macos-x86_64 | 0.2.1 | 8.00 | ERROR | |||
r-release-windows-x86_64 | 0.2.1 | 23.00 | 155.00 | 178.00 | OK | |
r-oldrel-macos-arm64 | 0.2.1 | 37.00 | OK | |||
r-oldrel-macos-x86_64 | 0.2.1 | 60.00 | OK | |||
r-oldrel-windows-ix86+x86_64 | 0.2.1 | 20.00 | 152.00 | 172.00 | OK |
Version: 0.2.1
Check: package dependencies
Result: ERROR
Package required but not available: ‘Synth’
See section ‘The DESCRIPTION file’ in the ‘Writing R Extensions’
manual.
Flavor: r-release-macos-x86_64