Last updated on 2022-08-15 08:50:10 CEST.
Flavor | Version | Tinstall | Tcheck | Ttotal | Status | Flags |
---|---|---|---|---|---|---|
r-devel-linux-x86_64-debian-clang | 1.0.2 | 46.48 | 131.68 | 178.16 | NOTE | |
r-devel-linux-x86_64-debian-gcc | 1.0.2 | 40.79 | 101.06 | 141.85 | NOTE | |
r-devel-linux-x86_64-fedora-clang | 1.0.2 | 244.92 | NOTE | |||
r-devel-linux-x86_64-fedora-gcc | 1.0.2 | 232.36 | NOTE | |||
r-devel-windows-x86_64 | 1.0.2 | 75.00 | 185.00 | 260.00 | NOTE | |
r-patched-linux-x86_64 | 1.0.2 | 40.25 | 127.84 | 168.09 | NOTE | |
r-release-linux-x86_64 | 1.0.2 | 41.27 | 131.46 | 172.73 | NOTE | |
r-release-macos-arm64 | 1.0.2 | 73.00 | NOTE | |||
r-release-macos-x86_64 | 1.0.2 | 123.00 | NOTE | |||
r-release-windows-x86_64 | 1.0.2 | 185.00 | 247.00 | 432.00 | NOTE | |
r-oldrel-macos-arm64 | 1.0.2 | 80.00 | NOTE | |||
r-oldrel-macos-x86_64 | 1.0.2 | 127.00 | NOTE | |||
r-oldrel-windows-ix86+x86_64 | 1.0.2 | 110.00 | 238.00 | 348.00 | NOTE |
Version: 1.0.2
Check: LazyData
Result: NOTE
'LazyData' is specified without a 'data' directory
Flavors: r-devel-linux-x86_64-debian-clang, r-devel-linux-x86_64-debian-gcc, r-devel-linux-x86_64-fedora-clang, r-devel-linux-x86_64-fedora-gcc, r-devel-windows-x86_64, r-patched-linux-x86_64, r-release-linux-x86_64, r-release-macos-arm64, r-release-macos-x86_64, r-release-windows-x86_64, r-oldrel-macos-arm64, r-oldrel-macos-x86_64, r-oldrel-windows-ix86+x86_64
Version: 1.0.2
Check: installed package size
Result: NOTE
installed size is 5.0Mb
sub-directories of 1Mb or more:
libs 4.9Mb
Flavors: r-release-macos-arm64, r-release-macos-x86_64, r-oldrel-macos-arm64, r-oldrel-macos-x86_64