Last updated on 2022-08-15 08:50:10 CEST.
Flavor | Version | Tinstall | Tcheck | Ttotal | Status | Flags |
---|---|---|---|---|---|---|
r-devel-linux-x86_64-debian-clang | 1.2.1 | 10.79 | 91.91 | 102.70 | NOTE | |
r-devel-linux-x86_64-debian-gcc | 1.2.1 | 8.52 | 68.05 | 76.57 | NOTE | |
r-devel-linux-x86_64-fedora-clang | 1.2.1 | 135.47 | NOTE | |||
r-devel-linux-x86_64-fedora-gcc | 1.2.1 | 125.55 | NOTE | |||
r-devel-windows-x86_64 | 1.2.1 | 17.00 | 107.00 | 124.00 | NOTE | |
r-patched-linux-x86_64 | 1.2.1 | 9.16 | 85.01 | 94.17 | NOTE | |
r-release-linux-x86_64 | 1.2.1 | 9.47 | 84.20 | 93.67 | NOTE | |
r-release-macos-arm64 | 1.2.1 | 35.00 | NOTE | |||
r-release-macos-x86_64 | 1.2.1 | 68.00 | NOTE | |||
r-release-windows-x86_64 | 1.2.1 | 17.00 | 118.00 | 135.00 | NOTE | |
r-oldrel-macos-arm64 | 1.2.1 | 46.00 | NOTE | |||
r-oldrel-macos-x86_64 | 1.2.1 | 69.00 | NOTE | |||
r-oldrel-windows-ix86+x86_64 | 1.2.1 | 23.00 | 105.00 | 128.00 | NOTE |
Version: 1.2.1
Check: LazyData
Result: NOTE
'LazyData' is specified without a 'data' directory
Flavors: r-devel-linux-x86_64-debian-clang, r-devel-linux-x86_64-debian-gcc, r-devel-linux-x86_64-fedora-clang, r-devel-linux-x86_64-fedora-gcc, r-devel-windows-x86_64, r-patched-linux-x86_64, r-release-linux-x86_64, r-release-macos-arm64, r-release-macos-x86_64, r-release-windows-x86_64, r-oldrel-macos-arm64, r-oldrel-macos-x86_64, r-oldrel-windows-ix86+x86_64
Version: 1.2.1
Check: dependencies in R code
Result: NOTE
Namespaces in Imports field not imported from:
‘Matrix’ ‘quadprog’
All declared Imports should be used.
Flavors: r-devel-linux-x86_64-fedora-clang, r-devel-linux-x86_64-fedora-gcc, r-release-macos-arm64, r-release-macos-x86_64, r-oldrel-macos-arm64, r-oldrel-macos-x86_64