Last updated on 2022-08-15 08:50:10 CEST.
Flavor | Version | Tinstall | Tcheck | Ttotal | Status | Flags |
---|---|---|---|---|---|---|
r-devel-linux-x86_64-debian-clang | 1.8.7 | 137.71 | 99.81 | 237.52 | NOTE | |
r-devel-linux-x86_64-debian-gcc | 1.8.7 | 125.07 | 75.89 | 200.96 | NOTE | |
r-devel-linux-x86_64-fedora-clang | 1.8.7 | 311.49 | NOTE | |||
r-devel-linux-x86_64-fedora-gcc | 1.8.7 | 331.47 | NOTE | |||
r-devel-windows-x86_64 | 1.8.7 | 360.00 | 197.00 | 557.00 | NOTE | |
r-patched-linux-x86_64 | 1.8.7 | 130.31 | 96.14 | 226.45 | NOTE | |
r-release-linux-x86_64 | 1.8.7 | 120.93 | 98.40 | 219.33 | NOTE | |
r-release-macos-arm64 | 1.8.7 | 102.00 | NOTE | |||
r-release-macos-x86_64 | 1.8.7 | 135.00 | NOTE | |||
r-release-windows-x86_64 | 1.8.7 | 104.00 | 208.00 | 312.00 | NOTE | |
r-oldrel-macos-arm64 | 1.8.7 | 84.00 | NOTE | |||
r-oldrel-macos-x86_64 | 1.8.7 | 134.00 | NOTE | |||
r-oldrel-windows-ix86+x86_64 | 1.8.7 | 278.00 | 198.00 | 476.00 | NOTE |
Version: 1.8.7
Check: for GNU extensions in Makefiles
Result: NOTE
GNU make is a SystemRequirements.
Flavors: r-devel-linux-x86_64-debian-clang, r-devel-linux-x86_64-debian-gcc, r-devel-linux-x86_64-fedora-clang, r-devel-linux-x86_64-fedora-gcc, r-devel-windows-x86_64, r-patched-linux-x86_64, r-release-linux-x86_64, r-release-macos-arm64, r-release-macos-x86_64, r-release-windows-x86_64, r-oldrel-macos-arm64, r-oldrel-macos-x86_64, r-oldrel-windows-ix86+x86_64
Version: 1.8.7
Check: dependencies in R code
Result: NOTE
Namespace in Imports field not imported from: ‘scales’
All declared Imports should be used.
Flavors: r-devel-linux-x86_64-fedora-clang, r-devel-linux-x86_64-fedora-gcc, r-release-macos-arm64, r-release-macos-x86_64, r-oldrel-macos-arm64, r-oldrel-macos-x86_64
Version: 1.8.7
Check: installed package size
Result: NOTE
installed size is 37.4Mb
sub-directories of 1Mb or more:
doc 1.3Mb
libs 35.7Mb
Flavors: r-release-macos-arm64, r-release-macos-x86_64, r-oldrel-macos-arm64, r-oldrel-macos-x86_64, r-oldrel-windows-ix86+x86_64