Last updated on 2022-08-15 08:50:10 CEST.
Flavor | Version | Tinstall | Tcheck | Ttotal | Status | Flags |
---|---|---|---|---|---|---|
r-devel-linux-x86_64-debian-clang | 0.0.8 | 17.22 | 27.11 | 44.33 | NOTE | |
r-devel-linux-x86_64-debian-gcc | 0.0.8 | 12.75 | 21.49 | 34.24 | NOTE | |
r-devel-linux-x86_64-fedora-clang | 0.0.8 | 78.88 | NOTE | |||
r-devel-linux-x86_64-fedora-gcc | 0.0.8 | 64.77 | NOTE | |||
r-devel-windows-x86_64 | 0.0.8 | 30.00 | 69.00 | 99.00 | NOTE | |
r-patched-linux-x86_64 | 0.0.8 | 14.49 | 26.45 | 40.94 | NOTE | |
r-release-linux-x86_64 | 0.0.8 | 13.87 | 26.62 | 40.49 | NOTE | |
r-release-macos-arm64 | 0.0.8 | 22.00 | NOTE | |||
r-release-macos-x86_64 | 0.0.8 | 30.00 | NOTE | |||
r-release-windows-x86_64 | 0.0.8 | 28.00 | 73.00 | 101.00 | NOTE | |
r-oldrel-macos-arm64 | 0.0.8 | 27.00 | NOTE | |||
r-oldrel-macos-x86_64 | 0.0.8 | 36.00 | NOTE | |||
r-oldrel-windows-ix86+x86_64 | 0.0.8 | 47.00 | 74.00 | 121.00 | NOTE |
Version: 0.0.8
Check: LazyData
Result: NOTE
'LazyData' is specified without a 'data' directory
Flavors: r-devel-linux-x86_64-debian-clang, r-devel-linux-x86_64-debian-gcc, r-devel-linux-x86_64-fedora-clang, r-devel-linux-x86_64-fedora-gcc, r-devel-windows-x86_64, r-patched-linux-x86_64, r-release-linux-x86_64, r-release-macos-arm64, r-release-macos-x86_64, r-release-windows-x86_64, r-oldrel-macos-arm64, r-oldrel-macos-x86_64, r-oldrel-windows-ix86+x86_64