Last updated on 2022-08-15 08:50:10 CEST.
Flavor | Version | Tinstall | Tcheck | Ttotal | Status | Flags |
---|---|---|---|---|---|---|
r-devel-linux-x86_64-debian-clang | 0.2.0 | 9.55 | 78.75 | 88.30 | NOTE | |
r-devel-linux-x86_64-debian-gcc | 0.2.0 | 7.60 | 60.93 | 68.53 | NOTE | |
r-devel-linux-x86_64-fedora-clang | 0.2.0 | 120.72 | NOTE | |||
r-devel-linux-x86_64-fedora-gcc | 0.2.0 | 117.90 | NOTE | |||
r-devel-windows-x86_64 | 0.2.0 | 20.00 | 103.00 | 123.00 | NOTE | |
r-patched-linux-x86_64 | 0.2.0 | 6.90 | 76.50 | 83.40 | NOTE | |
r-release-linux-x86_64 | 0.2.0 | 7.34 | 76.96 | 84.30 | NOTE | |
r-release-macos-arm64 | 0.2.0 | 35.00 | NOTE | |||
r-release-macos-x86_64 | 0.2.0 | 46.00 | NOTE | |||
r-release-windows-x86_64 | 0.2.0 | 21.00 | 110.00 | 131.00 | NOTE | |
r-oldrel-macos-arm64 | 0.2.0 | 41.00 | NOTE | |||
r-oldrel-macos-x86_64 | 0.2.0 | 60.00 | NOTE | |||
r-oldrel-windows-ix86+x86_64 | 0.2.0 | 19.00 | 103.00 | 122.00 | NOTE |
Version: 0.2.0
Check: LazyData
Result: NOTE
'LazyData' is specified without a 'data' directory
Flavors: r-devel-linux-x86_64-debian-clang, r-devel-linux-x86_64-debian-gcc, r-devel-linux-x86_64-fedora-clang, r-devel-linux-x86_64-fedora-gcc, r-devel-windows-x86_64, r-patched-linux-x86_64, r-release-linux-x86_64, r-release-macos-arm64, r-release-macos-x86_64, r-release-windows-x86_64, r-oldrel-macos-arm64, r-oldrel-macos-x86_64, r-oldrel-windows-ix86+x86_64